CRAN Package Check Results for Package sdStaf

Last updated on 2020-01-27 00:48:22 CET.

Flavor Version Tinstall Tcheck Ttotal Status Flags
r-devel-linux-x86_64-debian-clang 1.0.2 13.55 115.21 128.76 OK
r-devel-linux-x86_64-debian-gcc 1.0.2 12.77 88.19 100.96 OK
r-devel-linux-x86_64-fedora-clang 1.0.2 155.01 NOTE
r-devel-linux-x86_64-fedora-gcc 1.0.2 149.85 NOTE
r-devel-windows-ix86+x86_64 1.0.2 25.00 153.00 178.00 OK
r-devel-windows-ix86+x86_64-gcc8 1.0.2 40.00 121.00 161.00 OK
r-patched-linux-x86_64 1.0.2 12.38 98.03 110.41 OK
r-patched-solaris-x86 1.0.2 196.50 NOTE
r-release-linux-x86_64 1.0.2 12.18 97.15 109.33 OK
r-release-windows-ix86+x86_64 1.0.2 22.00 102.00 124.00 OK
r-release-osx-x86_64 1.0.2 NOTE
r-oldrel-windows-ix86+x86_64 1.0.2 14.00 99.00 113.00 OK
r-oldrel-osx-x86_64 1.0.2 NOTE

Check Details

Version: 1.0.2
Check: dependencies in R code
Result: NOTE
    Namespaces in Imports field not imported from:
     ‘rgdal’ ‘rgeos’ ‘tidyr’
     All declared Imports should be used.
Flavors: r-devel-linux-x86_64-fedora-clang, r-devel-linux-x86_64-fedora-gcc, r-patched-solaris-x86, r-release-osx-x86_64, r-oldrel-osx-x86_64