Last updated on 2020-01-27 00:48:22 CET.
Flavor | Version | Tinstall | Tcheck | Ttotal | Status | Flags |
---|---|---|---|---|---|---|
r-devel-linux-x86_64-debian-clang | 1.0-2 | 21.99 | 114.12 | 136.11 | OK | |
r-devel-linux-x86_64-debian-gcc | 1.0-2 | 16.42 | 87.83 | 104.25 | OK | |
r-devel-linux-x86_64-fedora-clang | 1.0-2 | 161.46 | WARN | |||
r-devel-linux-x86_64-fedora-gcc | 1.0-2 | 161.32 | OK | |||
r-devel-windows-ix86+x86_64 | 1.0-2 | 54.00 | 170.00 | 224.00 | OK | |
r-devel-windows-ix86+x86_64-gcc8 | 1.0-2 | 55.00 | 110.00 | 165.00 | OK | |
r-patched-linux-x86_64 | 1.0-2 | 18.14 | 100.56 | 118.70 | OK | |
r-patched-solaris-x86 | 1.0-2 | 226.60 | OK | |||
r-release-linux-x86_64 | 1.0-2 | 17.93 | 100.67 | 118.60 | OK | |
r-release-windows-ix86+x86_64 | 1.0-2 | 25.00 | 101.00 | 126.00 | OK | |
r-release-osx-x86_64 | 1.0-2 | WARN | ||||
r-oldrel-windows-ix86+x86_64 | 1.0-2 | 18.00 | 120.00 | 138.00 | OK | |
r-oldrel-osx-x86_64 | 1.0-2 | OK |
Version: 1.0-2
Check: package dependencies
Result: WARN
Requires orphaned package: ‘geoR’
Flavor: r-devel-linux-x86_64-fedora-clang
Version: 1.0-2
Check: whether package can be installed
Result: WARN
Found the following significant warnings:
Warning: 'rgl_init' failed, running with rgl.useNULL = TRUE
Flavor: r-release-osx-x86_64