CRAN Package Check Results for Package scoringRules

Last updated on 2020-01-27 00:48:22 CET.

Flavor Version Tinstall Tcheck Ttotal Status Flags
r-devel-linux-x86_64-debian-clang 1.0.0 62.62 273.87 336.49 OK
r-devel-linux-x86_64-debian-gcc 1.0.0 44.36 188.76 233.12 OK
r-devel-linux-x86_64-fedora-clang 1.0.0 416.14 OK
r-devel-linux-x86_64-fedora-gcc 1.0.0 397.68 OK
r-devel-windows-ix86+x86_64 1.0.0 148.00 441.00 589.00 OK
r-devel-windows-ix86+x86_64-gcc8 1.0.0 151.00 367.00 518.00 OK
r-patched-linux-x86_64 1.0.0 47.84 245.85 293.69 OK
r-patched-solaris-x86 1.0.0 520.10 OK
r-release-linux-x86_64 1.0.0 46.80 246.11 292.91 OK
r-release-windows-ix86+x86_64 1.0.0 96.00 326.00 422.00 OK
r-release-osx-x86_64 1.0.0 WARN
r-oldrel-windows-ix86+x86_64 1.0.0 90.00 317.00 407.00 OK
r-oldrel-osx-x86_64 1.0.0 WARN

Check Details

Version: 1.0.0
Check: re-building of vignette outputs
Result: WARN
    Error(s) in re-building vignettes:
     ...
    --- re-building ‘gettingstarted.Rmd’ using rmarkdown
    Warning in engine$weave(file, quiet = quiet, encoding = enc) :
     Pandoc (>= 1.12.3) and/or pandoc-citeproc not available. Falling back to R Markdown v1.
    --- finished re-building ‘gettingstarted.Rmd’
    
    --- re-building ‘article.Rnw’ using knitr
    Error: processing vignette 'article.Rnw' failed with diagnostics:
    Running 'texi2dvi' on 'article.tex' failed.
    LaTeX errors:
    !pdfTeX error: pdflatex (file bbm10): Font bbm10 at 657 not found
     ==> Fatal error occurred, no output PDF file produced!
    --- failed re-building ‘article.Rnw’
    
    SUMMARY: processing the following file failed:
     ‘article.Rnw’
    
    Error: Vignette re-building failed.
    Execution halted
Flavor: r-release-osx-x86_64

Version: 1.0.0
Check: re-building of vignette outputs
Result: WARN
    Error in re-building vignettes:
     ...
    Warning in engine$weave(file, quiet = quiet, encoding = enc) :
     Pandoc (>= 1.12.3) and/or pandoc-citeproc not available. Falling back to R Markdown v1.
    Error in texi2dvi(file = file, pdf = TRUE, clean = clean, quiet = quiet, :
     Running 'texi2dvi' on 'article.tex' failed.
    LaTeX errors:
    !pdfTeX error: pdflatex (file bbm10): Font bbm10 at 657 not found
     ==> Fatal error occurred, no output PDF file produced!
    Calls: buildVignettes -> texi2pdf -> texi2dvi
    Execution halted
Flavor: r-oldrel-osx-x86_64