CRAN Package Check Results for Package scatr

Last updated on 2020-01-27 00:48:22 CET.

Flavor Version Tinstall Tcheck Ttotal Status Flags
r-devel-linux-x86_64-debian-clang 1.0.1 5.22 19.41 24.63 OK
r-devel-linux-x86_64-debian-gcc 1.0.1 3.27 15.45 18.72 OK
r-devel-linux-x86_64-fedora-clang 1.0.1 30.49 NOTE
r-devel-linux-x86_64-fedora-gcc 1.0.1 28.86 NOTE
r-devel-windows-ix86+x86_64 1.0.1 22.00 45.00 67.00 OK
r-devel-windows-ix86+x86_64-gcc8 1.0.1 16.00 39.00 55.00 OK
r-patched-linux-x86_64 1.0.1 4.24 17.35 21.59 OK
r-patched-solaris-x86 1.0.1 40.90 NOTE
r-release-linux-x86_64 1.0.1 4.22 17.75 21.97 OK
r-release-windows-ix86+x86_64 1.0.1 6.00 28.00 34.00 OK
r-release-osx-x86_64 1.0.1 NOTE
r-oldrel-windows-ix86+x86_64 1.0.1 6.00 37.00 43.00 OK
r-oldrel-osx-x86_64 1.0.1 NOTE

Check Details

Version: 1.0.1
Check: dependencies in R code
Result: NOTE
    Namespaces in Imports field not imported from:
     ‘R6’ ‘cowplot’ ‘ggplot2’ ‘ggridges’ ‘ggstance’ ‘jmvcore’
     All declared Imports should be used.
Flavors: r-devel-linux-x86_64-fedora-clang, r-devel-linux-x86_64-fedora-gcc, r-patched-solaris-x86, r-release-osx-x86_64, r-oldrel-osx-x86_64