CRAN Package Check Results for Package scan

Last updated on 2020-01-27 00:48:22 CET.

Flavor Version Tinstall Tcheck Ttotal Status Flags
r-devel-linux-x86_64-debian-clang 0.40 12.13 91.36 103.49 OK
r-devel-linux-x86_64-debian-gcc 0.40 10.57 68.49 79.06 OK
r-devel-linux-x86_64-fedora-clang 0.40 119.58 NOTE
r-devel-linux-x86_64-fedora-gcc 0.40 118.41 NOTE
r-devel-windows-ix86+x86_64 0.40 62.00 134.00 196.00 OK
r-devel-windows-ix86+x86_64-gcc8 0.40 36.00 103.00 139.00 OK
r-patched-linux-x86_64 0.40 11.60 80.36 91.96 OK
r-patched-solaris-x86 0.40 144.60 NOTE
r-release-linux-x86_64 0.40 9.88 79.74 89.62 OK
r-release-windows-ix86+x86_64 0.40 19.00 93.00 112.00 OK
r-release-osx-x86_64 0.40 NOTE
r-oldrel-windows-ix86+x86_64 0.40 15.00 83.00 98.00 OK
r-oldrel-osx-x86_64 0.40 NOTE

Check Details

Version: 0.40
Check: dependencies in R code
Result: NOTE
    Namespaces in Imports field not imported from:
     ‘MASS’ ‘methods’
     All declared Imports should be used.
Flavors: r-devel-linux-x86_64-fedora-clang, r-devel-linux-x86_64-fedora-gcc, r-patched-solaris-x86, r-release-osx-x86_64, r-oldrel-osx-x86_64

Version: 0.40
Check: data for non-ASCII characters
Result: NOTE
     Note: found 1 marked UTF-8 string
Flavors: r-devel-linux-x86_64-fedora-clang, r-devel-linux-x86_64-fedora-gcc, r-patched-solaris-x86, r-release-osx-x86_64, r-oldrel-osx-x86_64