CRAN Package Check Results for Package sbrl

Last updated on 2020-01-27 00:48:22 CET.

Flavor Version Tinstall Tcheck Ttotal Status Flags
r-devel-linux-x86_64-debian-clang 1.2 14.96 42.32 57.28 NOTE
r-devel-linux-x86_64-debian-gcc 1.2 11.30 33.87 45.17 NOTE
r-devel-linux-x86_64-fedora-clang 1.2 72.67 NOTE
r-devel-linux-x86_64-fedora-gcc 1.2 70.97 NOTE
r-devel-windows-ix86+x86_64 1.2 42.00 136.00 178.00 OK
r-devel-windows-ix86+x86_64-gcc8 1.2 44.00 121.00 165.00 OK
r-patched-linux-x86_64 1.2 13.93 40.19 54.12 OK
r-patched-solaris-x86 1.2 107.00 OK
r-release-linux-x86_64 1.2 13.89 39.56 53.45 OK
r-release-windows-ix86+x86_64 1.2 29.00 87.00 116.00 OK
r-release-osx-x86_64 1.2 OK
r-oldrel-windows-ix86+x86_64 1.2 25.00 108.00 133.00 OK
r-oldrel-osx-x86_64 1.2 OK

Additional issues

clang-UBSAN gcc-UBSAN valgrind

Check Details

Version: 1.2
Check: for non-standard things in the check directory
Result: NOTE
    Found the following files/directories:
     'tdata_R.label' 'tdata_R.out'
Flavors: r-devel-linux-x86_64-debian-clang, r-devel-linux-x86_64-debian-gcc, r-devel-linux-x86_64-fedora-clang, r-devel-linux-x86_64-fedora-gcc

Version: 1.2
Check: compiled code
Result: NOTE
    File ‘sbrl/libs/sbrl.so’:
     Found no calls to: ‘R_registerRoutines’, ‘R_useDynamicSymbols’
    
    It is good practice to register native routines and to disable symbol
    search.
    
    See ‘Writing portable packages’ in the ‘Writing R Extensions’ manual.
Flavors: r-devel-linux-x86_64-fedora-clang, r-devel-linux-x86_64-fedora-gcc