CRAN Package Check Results for Package sas7bdat

Last updated on 2020-01-27 00:48:22 CET.

Flavor Version Tinstall Tcheck Ttotal Status Flags
r-devel-linux-x86_64-debian-clang 0.5 2.42 27.79 30.21 NOTE
r-devel-linux-x86_64-debian-gcc 0.5 2.06 22.17 24.23 NOTE
r-devel-linux-x86_64-fedora-clang 0.5 38.92 NOTE
r-devel-linux-x86_64-fedora-gcc 0.5 38.04 NOTE
r-devel-windows-ix86+x86_64 0.5 8.00 42.00 50.00 NOTE
r-devel-windows-ix86+x86_64-gcc8 0.5 6.00 55.00 61.00 NOTE
r-patched-linux-x86_64 0.5 1.67 26.03 27.70 NOTE
r-patched-solaris-x86 0.5 51.50 NOTE
r-release-linux-x86_64 0.5 1.41 26.18 27.59 NOTE
r-release-windows-ix86+x86_64 0.5 5.00 58.00 63.00 NOTE
r-release-osx-x86_64 0.5 NOTE
r-oldrel-windows-ix86+x86_64 0.5 3.00 38.00 41.00 NOTE
r-oldrel-osx-x86_64 0.5 NOTE

Check Details

Version: 0.5
Check: R code for possible problems
Result: NOTE
    download.sas7bdat.sources : <anonymous>: no visible global function
     definition for 'download.file'
    generate.sas7bdat.source: no visible global function definition for
     'download.file'
    Undefined global functions or variables:
     download.file
    Consider adding
     importFrom("utils", "download.file")
    to your NAMESPACE file.
Flavors: r-devel-linux-x86_64-debian-clang, r-devel-linux-x86_64-debian-gcc, r-devel-linux-x86_64-fedora-clang, r-devel-linux-x86_64-fedora-gcc, r-devel-windows-ix86+x86_64, r-devel-windows-ix86+x86_64-gcc8, r-patched-linux-x86_64, r-patched-solaris-x86, r-release-linux-x86_64, r-release-windows-ix86+x86_64, r-release-osx-x86_64, r-oldrel-windows-ix86+x86_64, r-oldrel-osx-x86_64