Last updated on 2020-01-27 00:48:22 CET.
Flavor | Version | Tinstall | Tcheck | Ttotal | Status | Flags |
---|---|---|---|---|---|---|
r-devel-linux-x86_64-debian-clang | 0.0.7 | 9.60 | 433.71 | 443.31 | OK | |
r-devel-linux-x86_64-debian-gcc | 0.0.7 | 10.26 | 323.36 | 333.62 | OK | |
r-devel-linux-x86_64-fedora-clang | 0.0.7 | 513.95 | NOTE | |||
r-devel-linux-x86_64-fedora-gcc | 0.0.7 | 503.62 | NOTE | |||
r-devel-windows-ix86+x86_64 | 0.0.7 | 22.00 | 529.00 | 551.00 | OK | |
r-devel-windows-ix86+x86_64-gcc8 | 0.0.7 | 28.00 | 425.00 | 453.00 | OK | |
r-patched-linux-x86_64 | 0.0.7 | 10.19 | 377.63 | 387.82 | OK | |
r-patched-solaris-x86 | 0.0.7 | 547.90 | NOTE | |||
r-release-linux-x86_64 | 0.0.7 | 10.84 | 377.32 | 388.16 | OK | |
r-release-windows-ix86+x86_64 | 0.0.7 | 19.00 | 350.00 | 369.00 | OK | |
r-release-osx-x86_64 | 0.0.7 | NOTE | ||||
r-oldrel-windows-ix86+x86_64 | 0.0.7 | 12.00 | 352.00 | 364.00 | OK | |
r-oldrel-osx-x86_64 | 0.0.7 | NOTE |
Version: 0.0.7
Check: data for non-ASCII characters
Result: NOTE
Note: found 4 marked UTF-8 strings
Flavors: r-devel-linux-x86_64-fedora-clang, r-devel-linux-x86_64-fedora-gcc, r-patched-solaris-x86, r-release-osx-x86_64, r-oldrel-osx-x86_64