CRAN Package Check Results for Package sankeywheel

Last updated on 2020-01-27 00:48:22 CET.

Flavor Version Tinstall Tcheck Ttotal Status Flags
r-devel-linux-x86_64-debian-clang 0.1.0 3.04 28.10 31.14 OK
r-devel-linux-x86_64-debian-gcc 0.1.0 2.40 22.23 24.63 OK
r-devel-linux-x86_64-fedora-clang 0.1.0 38.20 OK
r-devel-linux-x86_64-fedora-gcc 0.1.0 37.51 OK
r-devel-windows-ix86+x86_64 0.1.0 10.00 55.00 65.00 OK
r-devel-windows-ix86+x86_64-gcc8 0.1.0 11.00 43.00 54.00 OK
r-patched-linux-x86_64 0.1.0 2.24 25.69 27.93 OK
r-patched-solaris-x86 0.1.0 55.80 WARN
r-release-linux-x86_64 0.1.0 2.49 26.05 28.54 OK
r-release-windows-ix86+x86_64 0.1.0 6.00 37.00 43.00 OK
r-release-osx-x86_64 0.1.0 WARN
r-oldrel-windows-ix86+x86_64 0.1.0 4.00 37.00 41.00 OK
r-oldrel-osx-x86_64 0.1.0 WARN

Check Details

Version: 0.1.0
Check: re-building of vignette outputs
Result: WARN
    Error(s) in re-building vignettes:
     ...
    --- re-building ‘sankeywheel.Rmd’ using rmarkdown
    Warning in engine$weave(file, quiet = quiet, encoding = enc) :
     Pandoc (>= 1.12.3) and/or pandoc-citeproc not available. Falling back to R Markdown v1.
    Quitting from lines 43-44 (sankeywheel.Rmd)
    Error: processing vignette 'sankeywheel.Rmd' failed with diagnostics:
    cannot open the connection
    --- failed re-building ‘sankeywheel.Rmd’
    
    SUMMARY: processing the following file failed:
     ‘sankeywheel.Rmd’
    
    Error: Vignette re-building failed.
    Execution halted
Flavors: r-patched-solaris-x86, r-release-osx-x86_64

Version: 0.1.0
Check: re-building of vignette outputs
Result: WARN
    Error in re-building vignettes:
     ...
    Warning in engine$weave(file, quiet = quiet, encoding = enc) :
     Pandoc (>= 1.12.3) and/or pandoc-citeproc not available. Falling back to R Markdown v1.
    Quitting from lines 43-44 (sankeywheel.Rmd)
    Error: processing vignette 'sankeywheel.Rmd' failed with diagnostics:
    cannot open the connection
    Execution halted
Flavor: r-oldrel-osx-x86_64