CRAN Package Check Results for Package safetyGraphics

Last updated on 2020-01-27 00:48:22 CET.

Flavor Version Tinstall Tcheck Ttotal Status Flags
r-devel-linux-x86_64-debian-clang 1.1.0 7.55 91.27 98.82 OK
r-devel-linux-x86_64-debian-gcc 1.1.0 6.78 70.16 76.94 OK
r-devel-linux-x86_64-fedora-clang 1.1.0 116.00 NOTE
r-devel-linux-x86_64-fedora-gcc 1.1.0 115.23 NOTE
r-devel-windows-ix86+x86_64 1.1.0 48.00 149.00 197.00 OK
r-devel-windows-ix86+x86_64-gcc8 1.1.0 26.00 163.00 189.00 OK
r-patched-linux-x86_64 1.1.0 7.16 81.22 88.38 OK
r-patched-solaris-x86 1.1.0 151.00 NOTE
r-release-linux-x86_64 1.1.0 7.92 80.73 88.65 OK
r-release-windows-ix86+x86_64 1.1.0 14.00 93.00 107.00 OK
r-release-osx-x86_64 1.1.0 NOTE
r-oldrel-windows-ix86+x86_64 1.1.0 11.00 106.00 117.00 OK
r-oldrel-osx-x86_64 1.1.0 NOTE

Check Details

Version: 1.1.0
Check: dependencies in R code
Result: NOTE
    Namespace in Imports field not imported from: ‘shinybusy’
     All declared Imports should be used.
Flavors: r-devel-linux-x86_64-fedora-clang, r-devel-linux-x86_64-fedora-gcc, r-patched-solaris-x86, r-release-osx-x86_64, r-oldrel-osx-x86_64

Version: 1.1.0
Check: installed package size
Result: NOTE
     installed size is 5.2Mb
     sub-directories of 1Mb or more:
     doc 3.3Mb
     htmlwidgets 1.2Mb
Flavor: r-patched-solaris-x86