CRAN Package Check Results for Package sBIC

Last updated on 2020-01-27 00:48:22 CET.

Flavor Version Tinstall Tcheck Ttotal Status Flags
r-devel-linux-x86_64-debian-clang 0.2.0 18.61 176.07 194.68 OK
r-devel-linux-x86_64-debian-gcc 0.2.0 13.89 128.15 142.04 OK
r-devel-linux-x86_64-fedora-clang 0.2.0 232.84 NOTE
r-devel-linux-x86_64-fedora-gcc 0.2.0 225.10 NOTE
r-devel-windows-ix86+x86_64 0.2.0 51.00 259.00 310.00 OK
r-devel-windows-ix86+x86_64-gcc8 0.2.0 54.00 207.00 261.00 OK
r-patched-linux-x86_64 0.2.0 17.26 157.30 174.56 OK
r-patched-solaris-x86 0.2.0 269.90 OK
r-release-linux-x86_64 0.2.0 15.08 157.69 172.77 OK
r-release-windows-ix86+x86_64 0.2.0 34.00 186.00 220.00 OK
r-release-osx-x86_64 0.2.0 OK
r-oldrel-windows-ix86+x86_64 0.2.0 29.00 177.00 206.00 OK
r-oldrel-osx-x86_64 0.2.0 OK

Check Details

Version: 0.2.0
Check: compiled code
Result: NOTE
    File ‘sBIC/libs/sBIC.so’:
     Found no calls to: ‘R_registerRoutines’, ‘R_useDynamicSymbols’
    
    It is good practice to register native routines and to disable symbol
    search.
    
    See ‘Writing portable packages’ in the ‘Writing R Extensions’ manual.
Flavors: r-devel-linux-x86_64-fedora-clang, r-devel-linux-x86_64-fedora-gcc