CRAN Package Check Results for Package rwt

Last updated on 2020-01-27 00:48:22 CET.

Flavor Version Tinstall Tcheck Ttotal Status Flags
r-devel-linux-x86_64-debian-clang 1.0.0 6.61 27.83 34.44 NOTE
r-devel-linux-x86_64-debian-gcc 1.0.0 3.51 22.58 26.09 NOTE
r-devel-linux-x86_64-fedora-clang 1.0.0 42.67 NOTE
r-devel-linux-x86_64-fedora-gcc 1.0.0 39.52 NOTE
r-devel-windows-ix86+x86_64 1.0.0 31.00 81.00 112.00 NOTE
r-devel-windows-ix86+x86_64-gcc8 1.0.0 18.00 68.00 86.00 NOTE
r-patched-linux-x86_64 1.0.0 4.00 25.45 29.45 NOTE
r-patched-solaris-x86 1.0.0 59.00 NOTE
r-release-linux-x86_64 1.0.0 3.94 25.97 29.91 NOTE
r-release-windows-ix86+x86_64 1.0.0 17.00 67.00 84.00 NOTE
r-release-osx-x86_64 1.0.0 NOTE
r-oldrel-windows-ix86+x86_64 1.0.0 15.00 45.00 60.00 NOTE
r-oldrel-osx-x86_64 1.0.0 NOTE

Additional issues

rchk

Check Details

Version: 1.0.0
Check: R code for possible problems
Result: NOTE
    .dwt: no visible global function definition for 'median'
    .udwt: no visible global function definition for 'median'
    plotSignalTransformation: no visible global function definition for
     'plot'
    plotSignalTransformation: no visible global function definition for
     'box'
    plotSignalTransformation: no visible global function definition for
     'axis'
    plotSignalTransformation: no visible global function definition for
     'lines'
    plotSignalTransformation: no visible global function definition for
     'legend'
    Undefined global functions or variables:
     axis box legend lines median plot
    Consider adding
     importFrom("graphics", "axis", "box", "legend", "lines", "plot")
     importFrom("stats", "median")
    to your NAMESPACE file.
Flavors: r-devel-linux-x86_64-debian-clang, r-devel-linux-x86_64-debian-gcc, r-devel-linux-x86_64-fedora-clang, r-devel-linux-x86_64-fedora-gcc, r-devel-windows-ix86+x86_64, r-devel-windows-ix86+x86_64-gcc8, r-patched-linux-x86_64, r-patched-solaris-x86, r-release-linux-x86_64, r-release-windows-ix86+x86_64, r-release-osx-x86_64, r-oldrel-windows-ix86+x86_64, r-oldrel-osx-x86_64