CRAN Package Check Results for Package ruimtehol

Last updated on 2020-01-27 00:48:22 CET.

Flavor Version Tinstall Tcheck Ttotal Status Flags
r-devel-linux-x86_64-debian-clang 0.2.3 271.34 433.37 704.71 OK
r-devel-linux-x86_64-debian-gcc 0.2.3 180.15 360.94 541.09 OK
r-devel-linux-x86_64-fedora-clang 0.2.3 828.69 NOTE
r-devel-linux-x86_64-fedora-gcc 0.2.3 955.32 OK
r-devel-windows-ix86+x86_64 0.2.3 680.00 499.00 1179.00 NOTE
r-devel-windows-ix86+x86_64-gcc8 0.2.3 720.00 453.00 1173.00 NOTE
r-patched-linux-x86_64 0.2.3 202.08 475.87 677.95 OK
r-patched-solaris-x86 0.2.3 1518.70 NOTE
r-release-linux-x86_64 0.2.3 201.91 491.59 693.50 OK
r-release-windows-ix86+x86_64 0.2.3 476.00 408.00 884.00 NOTE
r-release-osx-x86_64 0.2.3 NOTE
r-oldrel-windows-ix86+x86_64 0.2.3 523.00 461.00 984.00 NOTE
r-oldrel-osx-x86_64 0.2.3 NOTE

Check Details

Version: 0.2.3
Check: installed package size
Result: NOTE
     installed size is 11.4Mb
     sub-directories of 1Mb or more:
     data 3.8Mb
     libs 7.0Mb
Flavors: r-devel-linux-x86_64-fedora-clang, r-devel-windows-ix86+x86_64, r-devel-windows-ix86+x86_64-gcc8, r-patched-solaris-x86, r-release-windows-ix86+x86_64, r-release-osx-x86_64, r-oldrel-windows-ix86+x86_64, r-oldrel-osx-x86_64