CRAN Package Check Results for Package rtkore

Last updated on 2020-01-27 00:48:22 CET.

Flavor Version Tinstall Tcheck Ttotal Status Flags
r-devel-linux-x86_64-debian-clang 1.5.5 32.39 69.27 101.66 OK
r-devel-linux-x86_64-debian-gcc 1.5.5 25.35 55.76 81.11 OK
r-devel-linux-x86_64-fedora-clang 1.5.5 130.42 NOTE
r-devel-linux-x86_64-fedora-gcc 1.5.5 134.69 OK
r-devel-windows-ix86+x86_64 1.5.5 95.00 165.00 260.00 NOTE
r-devel-windows-ix86+x86_64-gcc8 1.5.5 88.00 142.00 230.00 NOTE
r-patched-linux-x86_64 1.5.5 30.29 66.05 96.34 OK
r-patched-solaris-x86 1.5.5 140.50 OK
r-release-linux-x86_64 1.5.5 29.90 66.47 96.37 OK
r-release-windows-ix86+x86_64 1.5.5 68.00 128.00 196.00 NOTE
r-release-osx-x86_64 1.5.5 NOTE
r-oldrel-windows-ix86+x86_64 1.5.5 52.00 140.00 192.00 NOTE
r-oldrel-osx-x86_64 1.5.5 NOTE

Check Details

Version: 1.5.5
Check: installed package size
Result: NOTE
     installed size is 6.6Mb
     sub-directories of 1Mb or more:
     doc 1.1Mb
     libs 2.5Mb
     projects 2.8Mb
Flavors: r-devel-linux-x86_64-fedora-clang, r-devel-windows-ix86+x86_64, r-devel-windows-ix86+x86_64-gcc8, r-release-windows-ix86+x86_64, r-release-osx-x86_64, r-oldrel-windows-ix86+x86_64, r-oldrel-osx-x86_64