CRAN Package Check Results for Package rtimicropem

Last updated on 2020-01-27 00:48:22 CET.

Flavor Version Tinstall Tcheck Ttotal Status Flags
r-devel-linux-x86_64-debian-clang 1.4.0 6.79 62.60 69.39 OK
r-devel-linux-x86_64-debian-gcc 1.4.0 6.01 47.49 53.50 OK
r-devel-linux-x86_64-fedora-clang 1.4.0 82.84 NOTE
r-devel-linux-x86_64-fedora-gcc 1.4.0 80.74 NOTE
r-devel-windows-ix86+x86_64 1.4.0 26.00 104.00 130.00 OK
r-devel-windows-ix86+x86_64-gcc8 1.4.0 24.00 76.00 100.00 OK
r-patched-linux-x86_64 1.4.0 5.35 57.12 62.47 OK
r-patched-solaris-x86 1.4.0 112.00 NOTE
r-release-linux-x86_64 1.4.0 5.87 56.11 61.98 OK
r-release-windows-ix86+x86_64 1.4.0 13.00 67.00 80.00 OK
r-release-osx-x86_64 1.4.0 NOTE
r-oldrel-windows-ix86+x86_64 1.4.0 7.00 67.00 74.00 OK
r-oldrel-osx-x86_64 1.4.0 NOTE

Check Details

Version: 1.4.0
Check: dependencies in R code
Result: NOTE
    Namespace in Imports field not imported from: ‘R6’
     All declared Imports should be used.
Flavors: r-devel-linux-x86_64-fedora-clang, r-devel-linux-x86_64-fedora-gcc, r-patched-solaris-x86, r-release-osx-x86_64, r-oldrel-osx-x86_64