CRAN Package Check Results for Package rtext

Last updated on 2020-01-27 00:48:22 CET.

Flavor Version Tinstall Tcheck Ttotal Status Flags
r-devel-linux-x86_64-debian-clang 0.1.21 19.76 71.32 91.08 OK
r-devel-linux-x86_64-debian-gcc 0.1.21 14.88 56.79 71.67 OK
r-devel-linux-x86_64-fedora-clang 0.1.21 115.42 NOTE
r-devel-linux-x86_64-fedora-gcc 0.1.21 111.41 NOTE
r-devel-windows-ix86+x86_64 0.1.21 58.00 176.00 234.00 OK
r-devel-windows-ix86+x86_64-gcc8 0.1.21 58.00 142.00 200.00 OK
r-patched-linux-x86_64 0.1.21 17.66 67.21 84.87 OK
r-patched-solaris-x86 0.1.21 181.70 NOTE
r-release-linux-x86_64 0.1.21 16.32 67.10 83.42 OK
r-release-windows-ix86+x86_64 0.1.21 37.00 126.00 163.00 OK
r-release-osx-x86_64 0.1.21 NOTE
r-oldrel-windows-ix86+x86_64 0.1.21 31.00 129.00 160.00 ERROR
r-oldrel-osx-x86_64 0.1.21 NOTE

Check Details

Version: 0.1.21
Check: dependencies in R code
Result: NOTE
    Namespaces in Imports field not imported from:
     ‘RSQLite’ ‘stats’
     All declared Imports should be used.
Flavors: r-devel-linux-x86_64-fedora-clang, r-devel-linux-x86_64-fedora-gcc, r-patched-solaris-x86, r-release-osx-x86_64, r-oldrel-osx-x86_64

Version: 0.1.21
Check: data for non-ASCII characters
Result: NOTE
     Note: found 2 marked UTF-8 strings
Flavors: r-devel-linux-x86_64-fedora-clang, r-devel-linux-x86_64-fedora-gcc, r-patched-solaris-x86, r-release-osx-x86_64, r-oldrel-osx-x86_64

Version: 0.1.21
Check: running tests for arch ‘i386’
Result: ERROR
     Running 'test-all.R' [46s]
    Running the tests in 'tests/test-all.R' failed.
    Complete output:
     > library(testthat)
     > test_check("rtext")
     Loading required package: rtext
     Loading required package: stringb
     -- 1. Error: rtext tokenize_data_lines (@test_rtext.R#116) --------------------
     arguments must have same length
     Backtrace:
     1. testthat::expect_true(...)
     4. dings$tokenize_data_lines()
     5. self$tokenize_data_regex(...)
     6. self$tokenize_data_sequences(...)
     8. stats::aggregate.data.frame(...)
    
     == testthat results ===========================================================
     [ OK: 281 | SKIPPED: 0 | WARNINGS: 0 | FAILED: 1 ]
     1. Error: rtext tokenize_data_lines (@test_rtext.R#116)
    
     Error: testthat unit tests failed
     Execution halted
Flavor: r-oldrel-windows-ix86+x86_64