CRAN Package Check Results for Package rrd

Last updated on 2020-01-27 00:48:18 CET.

Flavor Version Tinstall Tcheck Ttotal Status Flags
r-devel-linux-x86_64-debian-clang 0.2.2 4.66 26.75 31.41 OK
r-devel-linux-x86_64-debian-gcc 0.2.2 3.28 21.02 24.30 OK
r-devel-linux-x86_64-fedora-clang 0.2.2 38.03 NOTE
r-devel-linux-x86_64-fedora-gcc 0.2.2 36.37 OK
r-patched-linux-x86_64 0.2.2 3.47 24.10 27.57 OK
r-release-linux-x86_64 0.2.2 3.68 23.85 27.53 OK
r-release-osx-x86_64 0.2.2 ERROR
r-oldrel-osx-x86_64 0.2.2 ERROR

Check Details

Version: 0.2.2
Check: installed package size
Result: NOTE
     installed size is 13.1Mb
     sub-directories of 1Mb or more:
     extdata 12.8Mb
Flavor: r-devel-linux-x86_64-fedora-clang

Version: 0.2.2
Check: whether package can be installed
Result: ERROR
    Installation failed.
Flavors: r-release-osx-x86_64, r-oldrel-osx-x86_64