Last updated on 2020-01-27 00:48:18 CET.
Flavor | Version | Tinstall | Tcheck | Ttotal | Status | Flags |
---|---|---|---|---|---|---|
r-devel-linux-x86_64-debian-clang | 1.1-4 | 16.61 | 65.74 | 82.35 | OK | |
r-devel-linux-x86_64-debian-gcc | 1.1-4 | 12.50 | 50.94 | 63.44 | OK | |
r-devel-linux-x86_64-fedora-clang | 1.1-4 | 101.82 | NOTE | |||
r-devel-linux-x86_64-fedora-gcc | 1.1-4 | 101.38 | OK | |||
r-devel-windows-ix86+x86_64 | 1.1-4 | 25.00 | 93.00 | 118.00 | OK | |
r-devel-windows-ix86+x86_64-gcc8 | 1.1-4 | 26.00 | 76.00 | 102.00 | OK | |
r-patched-linux-x86_64 | 1.1-4 | 15.16 | 60.76 | 75.92 | OK | |
r-patched-solaris-x86 | 1.1-4 | 117.70 | OK | |||
r-release-linux-x86_64 | 1.1-4 | 14.79 | 61.06 | 75.85 | OK | |
r-release-windows-ix86+x86_64 | 1.1-4 | 17.00 | 66.00 | 83.00 | OK | |
r-release-osx-x86_64 | 1.1-4 | ERROR | ||||
r-oldrel-windows-ix86+x86_64 | 1.1-4 | 13.00 | 74.00 | 87.00 | OK | |
r-oldrel-osx-x86_64 | 1.1-4 | ERROR |
Version: 1.1-4
Check: package dependencies
Result: NOTE
Suggests orphaned package: ‘geoR’
Flavor: r-devel-linux-x86_64-fedora-clang
Version: 1.1-4
Check: whether package can be installed
Result: ERROR
Installation failed.
Flavors: r-release-osx-x86_64, r-oldrel-osx-x86_64