CRAN Package Check Results for Package rpact

Last updated on 2020-01-27 00:48:18 CET.

Flavor Version Tinstall Tcheck Ttotal Status Flags
r-devel-linux-x86_64-debian-clang 2.0.6 65.74 420.08 485.82 OK
r-devel-linux-x86_64-debian-gcc 2.0.6 55.90 310.81 366.71 OK
r-devel-linux-x86_64-fedora-clang 2.0.6 567.22 NOTE
r-devel-linux-x86_64-fedora-gcc 2.0.6 563.00 OK
r-devel-windows-ix86+x86_64 2.0.6 144.00 865.00 1009.00 NOTE
r-devel-windows-ix86+x86_64-gcc8 2.0.6 138.00 767.00 905.00 NOTE
r-patched-linux-x86_64 2.0.6 54.08 367.53 421.61 OK
r-patched-solaris-x86 2.0.6 554.60 OK
r-release-linux-x86_64 2.0.6 52.58 361.94 414.52 OK
r-release-windows-ix86+x86_64 2.0.6 85.00 621.00 706.00 NOTE
r-release-osx-x86_64 2.0.6 NOTE
r-oldrel-windows-ix86+x86_64 2.0.6 134.00 702.00 836.00 NOTE
r-oldrel-osx-x86_64 2.0.6 NOTE

Check Details

Version: 2.0.6
Check: installed package size
Result: NOTE
     installed size is 5.9Mb
     sub-directories of 1Mb or more:
     R 2.1Mb
     libs 2.2Mb
     tests 1.3Mb
Flavors: r-devel-linux-x86_64-fedora-clang, r-devel-windows-ix86+x86_64, r-devel-windows-ix86+x86_64-gcc8, r-release-windows-ix86+x86_64, r-release-osx-x86_64, r-oldrel-windows-ix86+x86_64, r-oldrel-osx-x86_64