CRAN Package Check Results for Package robotstxt

Last updated on 2020-01-27 00:48:18 CET.

Flavor Version Tinstall Tcheck Ttotal Status Flags
r-devel-linux-x86_64-debian-clang 0.6.2 2.54 30.39 32.93 OK
r-devel-linux-x86_64-debian-gcc 0.6.2 2.09 23.58 25.67 WARN
r-devel-linux-x86_64-fedora-clang 0.6.2 41.01 NOTE
r-devel-linux-x86_64-fedora-gcc 0.6.2 39.94 NOTE
r-devel-windows-ix86+x86_64 0.6.2 9.00 62.00 71.00 OK
r-devel-windows-ix86+x86_64-gcc8 0.6.2 12.00 48.00 60.00 OK
r-patched-linux-x86_64 0.6.2 2.10 28.13 30.23 OK
r-patched-solaris-x86 0.6.2 56.40 NOTE
r-release-linux-x86_64 0.6.2 2.04 27.57 29.61 OK
r-release-windows-ix86+x86_64 0.6.2 5.00 39.00 44.00 OK
r-release-osx-x86_64 0.6.2 NOTE
r-oldrel-windows-ix86+x86_64 0.6.2 3.00 39.00 42.00 OK
r-oldrel-osx-x86_64 0.6.2 NOTE

Check Details

Version: 0.6.2
Check: re-building of vignette outputs
Result: WARN
    Error(s) in re-building vignettes:
     ...
    --- re-building ‘using_robotstxt.Rmd’ using rmarkdown
    
     google.com No encoding supplied: defaulting to UTF-8.
    
    
    
     google.com No encoding supplied: defaulting to UTF-8.
    
    
    
    Attaching package: 'dplyr'
    
    The following objects are masked from 'package:stats':
    
     filter, lag
    
    The following objects are masked from 'package:base':
    
     intersect, setdiff, setequal, union
    
    Quitting from lines 123-128 (using_robotstxt.Rmd)
    Error: processing vignette 'using_robotstxt.Rmd' failed with diagnostics:
    Timeout was reached: [wikipedia.org] Connection timed out after 10000 milliseconds
    --- failed re-building ‘using_robotstxt.Rmd’
    
    SUMMARY: processing the following file failed:
     ‘using_robotstxt.Rmd’
    
    Error: Vignette re-building failed.
    Execution halted
Flavor: r-devel-linux-x86_64-debian-gcc

Version: 0.6.2
Check: dependencies in R code
Result: NOTE
    Namespace in Imports field not imported from: ‘future’
     All declared Imports should be used.
Flavors: r-devel-linux-x86_64-fedora-clang, r-devel-linux-x86_64-fedora-gcc, r-patched-solaris-x86, r-release-osx-x86_64, r-oldrel-osx-x86_64