CRAN Package Check Results for Package roadoi

Last updated on 2020-01-27 00:48:18 CET.

Flavor Version Tinstall Tcheck Ttotal Status Flags
r-devel-linux-x86_64-debian-clang 0.6 4.26 48.41 52.67 OK
r-devel-linux-x86_64-debian-gcc 0.6 4.22 37.97 42.19 OK
r-devel-linux-x86_64-fedora-clang 0.6 65.37 OK
r-devel-linux-x86_64-fedora-gcc 0.6 62.76 OK
r-devel-windows-ix86+x86_64 0.6 16.00 129.00 145.00 OK
r-devel-windows-ix86+x86_64-gcc8 0.6 22.00 102.00 124.00 OK
r-patched-linux-x86_64 0.6 3.77 44.17 47.94 OK
r-patched-solaris-x86 0.6 90.40 OK
r-release-linux-x86_64 0.6 4.03 43.34 47.37 OK
r-release-windows-ix86+x86_64 0.6 12.00 92.00 104.00 OK
r-release-osx-x86_64 0.6 WARN
r-oldrel-windows-ix86+x86_64 0.6 6.00 99.00 105.00 OK
r-oldrel-osx-x86_64 0.6 OK

Check Details

Version: 0.6
Check: re-building of vignette outputs
Result: WARN
    Error(s) in re-building vignettes:
     ...
    --- re-building ‘intro.Rmd’ using rmarkdown
    Warning in engine$weave(file, quiet = quiet, encoding = enc) :
     Pandoc (>= 1.12.3) and/or pandoc-citeproc not available. Falling back to R Markdown v1.
    Quitting from lines 188-195 (intro.Rmd)
    Error: processing vignette 'intro.Rmd' failed with diagnostics:
    Column `is_oa` is unknown
    --- failed re-building ‘intro.Rmd’
    
    SUMMARY: processing the following file failed:
     ‘intro.Rmd’
    
    Error: Vignette re-building failed.
    Execution halted
Flavor: r-release-osx-x86_64