CRAN Package Check Results for Package rncl

Last updated on 2020-01-27 00:48:18 CET.

Flavor Version Tinstall Tcheck Ttotal Status Flags
r-devel-linux-x86_64-debian-clang 0.8.3 168.45 31.56 200.01 OK
r-devel-linux-x86_64-debian-gcc 0.8.3 149.43 23.49 172.92 WARN
r-devel-linux-x86_64-fedora-clang 0.8.3 318.52 NOTE
r-devel-linux-x86_64-fedora-gcc 0.8.3 319.27 WARN
r-devel-windows-ix86+x86_64 0.8.3 345.00 115.00 460.00 OK
r-devel-windows-ix86+x86_64-gcc8 0.8.3 421.00 89.00 510.00 WARN
r-patched-linux-x86_64 0.8.3 160.08 28.91 188.99 WARN
r-patched-solaris-x86 0.8.3 242.20 OK
r-release-linux-x86_64 0.8.3 162.55 27.36 189.91 WARN
r-release-windows-ix86+x86_64 0.8.3 317.00 76.00 393.00 OK
r-release-osx-x86_64 0.8.3 NOTE
r-oldrel-windows-ix86+x86_64 0.8.3 242.00 98.00 340.00 OK
r-oldrel-osx-x86_64 0.8.3 NOTE

Check Details

Version: 0.8.3
Check: whether package can be installed
Result: WARN
    Found the following significant warnings:
     nxsreader.cpp:659:22: warning: catching polymorphic type ‘class NxsException’ by value [-Wcatch-value=]
     nxsreader.cpp:709:25: warning: catching polymorphic type ‘class NxsException’ by value [-Wcatch-value=]
Flavors: r-devel-linux-x86_64-debian-gcc, r-devel-linux-x86_64-fedora-gcc, r-devel-windows-ix86+x86_64-gcc8, r-patched-linux-x86_64, r-release-linux-x86_64

Version: 0.8.3
Check: installed package size
Result: NOTE
     installed size is 21.3Mb
     sub-directories of 1Mb or more:
     libs 21.0Mb
Flavors: r-devel-linux-x86_64-fedora-clang, r-release-osx-x86_64, r-oldrel-osx-x86_64