Last updated on 2020-01-27 00:48:18 CET.
Flavor | Version | Tinstall | Tcheck | Ttotal | Status | Flags |
---|---|---|---|---|---|---|
r-devel-linux-x86_64-debian-clang | 1.1.1 | 378.23 | 170.95 | 549.18 | NOTE | |
r-devel-linux-x86_64-debian-gcc | 1.1.1 | 328.98 | 141.00 | 469.98 | NOTE | |
r-devel-linux-x86_64-fedora-clang | 1.1.1 | 702.79 | NOTE | |||
r-devel-linux-x86_64-fedora-gcc | 1.1.1 | 781.72 | NOTE | |||
r-devel-windows-ix86+x86_64 | 1.1.1 | 255.00 | 8.00 | 263.00 | ERROR | |
r-devel-windows-ix86+x86_64-gcc8 | 1.1.1 | 788.00 | 357.00 | 1145.00 | NOTE | |
r-patched-linux-x86_64 | 1.1.1 | 347.79 | 163.56 | 511.35 | NOTE | |
r-patched-solaris-x86 | 1.1.1 | 754.20 | NOTE | |||
r-release-linux-x86_64 | 1.1.1 | 351.99 | 161.68 | 513.67 | NOTE | |
r-release-windows-ix86+x86_64 | 1.1.1 | 550.00 | 268.00 | 818.00 | NOTE | |
r-release-osx-x86_64 | 1.1.1 | NOTE | ||||
r-oldrel-windows-ix86+x86_64 | 1.1.1 | 495.00 | 284.00 | 779.00 | ERROR | |
r-oldrel-osx-x86_64 | 1.1.1 | NOTE |
Version: 1.1.1
Check: for GNU extensions in Makefiles
Result: NOTE
GNU make is a SystemRequirements.
Flavors: r-devel-linux-x86_64-debian-clang, r-devel-linux-x86_64-debian-gcc, r-devel-linux-x86_64-fedora-clang, r-devel-linux-x86_64-fedora-gcc, r-devel-windows-ix86+x86_64-gcc8, r-patched-linux-x86_64, r-patched-solaris-x86, r-release-linux-x86_64, r-release-windows-ix86+x86_64, r-release-osx-x86_64, r-oldrel-osx-x86_64
Version: 1.1.1
Check: installed package size
Result: NOTE
installed size is 67.8Mb
sub-directories of 1Mb or more:
libs 67.1Mb
Flavors: r-devel-linux-x86_64-fedora-clang, r-devel-windows-ix86+x86_64-gcc8, r-release-windows-ix86+x86_64, r-release-osx-x86_64, r-oldrel-osx-x86_64
Version: 1.1.1
Check: dependencies in R code
Result: NOTE
Namespace in Imports field not imported from: ‘rlang’
All declared Imports should be used.
Flavors: r-devel-linux-x86_64-fedora-clang, r-devel-linux-x86_64-fedora-gcc, r-patched-solaris-x86, r-release-osx-x86_64, r-oldrel-osx-x86_64
Version: 1.1.1
Check: whether package can be installed
Result: ERROR
Installation failed.
Flavors: r-devel-windows-ix86+x86_64, r-oldrel-windows-ix86+x86_64