CRAN Package Check Results for Package rlas

Last updated on 2020-01-27 00:48:18 CET.

Flavor Version Tinstall Tcheck Ttotal Status Flags
r-devel-linux-x86_64-debian-clang 1.3.4 148.34 33.16 181.50 OK
r-devel-linux-x86_64-debian-gcc 1.3.4 102.42 25.74 128.16 OK
r-devel-linux-x86_64-fedora-clang 1.3.4 266.42 NOTE
r-devel-linux-x86_64-fedora-gcc 1.3.4 243.65 OK
r-devel-windows-ix86+x86_64 1.3.4 471.00 118.00 589.00 NOTE
r-devel-windows-ix86+x86_64-gcc8 1.3.4 467.00 96.00 563.00 NOTE
r-patched-linux-x86_64 1.3.4 115.73 30.24 145.97 OK
r-patched-solaris-x86 1.3.4 241.50 OK
r-release-linux-x86_64 1.3.4 119.29 30.39 149.68 OK
r-release-windows-ix86+x86_64 1.3.4 324.00 82.00 406.00 NOTE
r-release-osx-x86_64 1.3.4 NOTE
r-oldrel-windows-ix86+x86_64 1.3.4 327.00 94.00 421.00 NOTE
r-oldrel-osx-x86_64 1.3.4 NOTE

Check Details

Version: 1.3.4
Check: installed package size
Result: NOTE
     installed size is 9.5Mb
     sub-directories of 1Mb or more:
     libs 8.8Mb
Flavors: r-devel-linux-x86_64-fedora-clang, r-devel-windows-ix86+x86_64, r-devel-windows-ix86+x86_64-gcc8, r-release-windows-ix86+x86_64, r-release-osx-x86_64, r-oldrel-windows-ix86+x86_64, r-oldrel-osx-x86_64