Last updated on 2020-01-27 00:48:18 CET.
Flavor | Version | Tinstall | Tcheck | Ttotal | Status | Flags |
---|---|---|---|---|---|---|
r-devel-linux-x86_64-debian-clang | 2019.11.03 | 188.12 | 529.14 | 717.26 | OK | |
r-devel-linux-x86_64-debian-gcc | 2019.11.03 | 133.45 | 514.55 | 648.00 | OK | |
r-devel-linux-x86_64-fedora-clang | 2019.11.03 | 781.23 | NOTE | |||
r-devel-linux-x86_64-fedora-gcc | 2019.11.03 | 730.18 | OK | |||
r-devel-windows-ix86+x86_64 | 2019.11.03 | 495.00 | 907.00 | 1402.00 | OK | |
r-devel-windows-ix86+x86_64-gcc8 | 2019.11.03 | 526.00 | 680.00 | 1206.00 | OK | |
r-patched-linux-x86_64 | 2019.11.03 | 147.96 | 443.45 | 591.41 | OK | |
r-patched-solaris-x86 | 2019.11.03 | 752.40 | OK | |||
r-release-linux-x86_64 | 2019.11.03 | 147.42 | 454.67 | 602.09 | OK | |
r-release-windows-ix86+x86_64 | 2019.11.03 | 335.00 | 559.00 | 894.00 | OK | |
r-release-osx-x86_64 | 2019.11.03 | NOTE | ||||
r-oldrel-windows-ix86+x86_64 | 2019.11.03 | 284.00 | 674.00 | 958.00 | OK | |
r-oldrel-osx-x86_64 | 2019.11.03 | NOTE |
Version: 2019.11.03
Check: installed package size
Result: NOTE
installed size is 7.6Mb
sub-directories of 1Mb or more:
libs 6.3Mb
Flavors: r-devel-linux-x86_64-fedora-clang, r-release-osx-x86_64, r-oldrel-osx-x86_64