CRAN Package Check Results for Package rhierbaps

Last updated on 2020-01-27 00:48:18 CET.

Flavor Version Tinstall Tcheck Ttotal Status Flags
r-devel-linux-x86_64-debian-clang 1.1.3 5.00 342.77 347.77 OK
r-devel-linux-x86_64-debian-gcc 1.1.3 3.82 259.45 263.27 OK
r-devel-linux-x86_64-fedora-clang 1.1.3 422.41 OK
r-devel-linux-x86_64-fedora-gcc 1.1.3 421.08 OK
r-devel-windows-ix86+x86_64 1.1.3 14.00 541.00 555.00 OK
r-devel-windows-ix86+x86_64-gcc8 1.1.3 20.00 443.00 463.00 OK
r-patched-linux-x86_64 1.1.3 4.16 339.79 343.95 OK
r-patched-solaris-x86 1.1.3 1033.10 OK
r-release-linux-x86_64 1.1.3 4.11 339.45 343.56 OK
r-release-windows-ix86+x86_64 1.1.3 13.00 420.00 433.00 OK
r-release-osx-x86_64 1.1.3 OK
r-oldrel-windows-ix86+x86_64 1.1.3 8.00 415.00 423.00 OK
r-oldrel-osx-x86_64 1.1.3 WARN

Check Details

Version: 1.1.3
Check: re-building of vignette outputs
Result: WARN
    Error in re-building vignettes:
     ...
    Warning in engine$weave(file, quiet = quiet, encoding = enc) :
     Pandoc (>= 1.12.3) and/or pandoc-citeproc not available. Falling back to R Markdown v1.
    Quitting from lines 40-46 (introduction.Rmd)
    Error: processing vignette 'introduction.Rmd' failed with diagnostics:
    package or namespace load failed for 'ggtree':
     object 'as_data_frame' is not exported by 'namespace:tidytree'
    Execution halted
Flavor: r-oldrel-osx-x86_64