CRAN Package Check Results for Package rggobi

Last updated on 2020-01-27 00:48:18 CET.

Flavor Version Tinstall Tcheck Ttotal Status Flags
r-devel-linux-x86_64-debian-clang 2.1.22 30.22 35.33 65.55 WARN
r-devel-linux-x86_64-debian-gcc 2.1.22 14.46 28.16 42.62 WARN
r-devel-linux-x86_64-fedora-clang 2.1.22 78.00 NOTE
r-devel-linux-x86_64-fedora-gcc 2.1.22 66.17 NOTE
r-devel-windows-ix86+x86_64 2.1.22 126.00 87.00 213.00 NOTE
r-devel-windows-ix86+x86_64-gcc8 2.1.22 118.00 80.00 198.00 NOTE
r-patched-linux-x86_64 2.1.22 16.93 32.45 49.38 NOTE
r-release-linux-x86_64 2.1.22 17.34 32.62 49.96 NOTE
r-release-windows-ix86+x86_64 2.1.22 70.00 59.00 129.00 NOTE
r-release-osx-x86_64 2.1.22 ERROR
r-oldrel-windows-ix86+x86_64 2.1.22 75.00 79.00 154.00 OK
r-oldrel-osx-x86_64 2.1.22 ERROR

Additional issues

LTO

Check Details

Version: 2.1.22
Check: whether package can be installed
Result: WARN
    Found the following significant warnings:
     /usr/include/gtk-2.0/gtk/gtktypeutils.h:236:34: warning: 'GTypeDebugFlags' is deprecated [-Wdeprecated-declarations]
     /usr/include/gtk-2.0/gtk/gtktooltips.h:73:3: warning: 'GTimeVal' is deprecated: Use 'GDateTime' instead [-Wdeprecated-declarations]
Flavor: r-devel-linux-x86_64-debian-clang

Version: 2.1.22
Check: top-level files
Result: NOTE
    Found a 'configure.in' file: 'configure.ac' has long been preferred.
     Output from running autoreconf:
     aclocal: warning: autoconf input should be named 'configure.ac', not 'configure.in'
Flavors: r-devel-linux-x86_64-debian-clang, r-devel-linux-x86_64-debian-gcc, r-devel-linux-x86_64-fedora-clang, r-devel-linux-x86_64-fedora-gcc, r-patched-linux-x86_64, r-release-linux-x86_64

Version: 2.1.22
Check: whether package can be installed
Result: WARN
    Found the following significant warnings:
     /usr/include/gtk-2.0/gtk/gtktypeutils.h:236:1: warning: ‘GTypeDebugFlags’ is deprecated [-Wdeprecated-declarations]
     /usr/include/gtk-2.0/gtk/gtktooltips.h:73:3: warning: ‘GTimeVal’ is deprecated: Use 'GDateTime' instead [-Wdeprecated-declarations]
Flavor: r-devel-linux-x86_64-debian-gcc

Version: 2.1.22
Check: top-level files
Result: NOTE
    Found a 'configure.in' file: 'configure.ac' has long been preferred.
Flavors: r-devel-windows-ix86+x86_64, r-devel-windows-ix86+x86_64-gcc8, r-release-windows-ix86+x86_64

Version: 2.1.22
Check: whether package can be installed
Result: ERROR
    Installation failed.
Flavors: r-release-osx-x86_64, r-oldrel-osx-x86_64