CRAN Package Check Results for Package rflights

Last updated on 2020-01-27 00:48:17 CET.

Flavor Version Tinstall Tcheck Ttotal Status Flags
r-devel-linux-x86_64-debian-clang 0.1.103 2.00 26.11 28.11 OK
r-devel-linux-x86_64-debian-gcc 0.1.103 1.64 20.63 22.27 OK
r-devel-linux-x86_64-fedora-clang 0.1.103 34.61 NOTE
r-devel-linux-x86_64-fedora-gcc 0.1.103 34.17 NOTE
r-devel-windows-ix86+x86_64 0.1.103 7.00 61.00 68.00 OK
r-devel-windows-ix86+x86_64-gcc8 0.1.103 9.00 44.00 53.00 OK
r-patched-linux-x86_64 0.1.103 1.62 24.06 25.68 OK
r-patched-solaris-x86 0.1.103 51.80 NOTE
r-release-linux-x86_64 0.1.103 1.53 24.21 25.74 OK
r-release-windows-ix86+x86_64 0.1.103 4.00 38.00 42.00 OK
r-release-osx-x86_64 0.1.103 NOTE
r-oldrel-windows-ix86+x86_64 0.1.103 3.00 40.00 43.00 OK
r-oldrel-osx-x86_64 0.1.103 NOTE

Check Details

Version: 0.1.103
Check: data for non-ASCII characters
Result: NOTE
     Note: found 5 marked UTF-8 strings
Flavors: r-devel-linux-x86_64-fedora-clang, r-devel-linux-x86_64-fedora-gcc, r-patched-solaris-x86, r-release-osx-x86_64, r-oldrel-osx-x86_64