CRAN Package Check Results for Package rfbCNPJ

Last updated on 2020-01-27 00:48:17 CET.

Flavor Version Tinstall Tcheck Ttotal Status Flags
r-devel-linux-x86_64-debian-clang 0.1.1 2.15 18.78 20.93 OK
r-devel-linux-x86_64-debian-gcc 0.1.1 1.79 14.98 16.77 OK
r-devel-linux-x86_64-fedora-clang 0.1.1 25.78 NOTE
r-devel-linux-x86_64-fedora-gcc 0.1.1 24.71 NOTE
r-devel-windows-ix86+x86_64 0.1.1 8.00 43.00 51.00 OK
r-devel-windows-ix86+x86_64-gcc8 0.1.1 10.00 37.00 47.00 OK
r-patched-linux-x86_64 0.1.1 1.69 17.31 19.00 OK
r-patched-solaris-x86 0.1.1 40.80 NOTE
r-release-linux-x86_64 0.1.1 1.61 17.97 19.58 OK
r-release-windows-ix86+x86_64 0.1.1 4.00 33.00 37.00 OK
r-release-osx-x86_64 0.1.1 NOTE
r-oldrel-windows-ix86+x86_64 0.1.1 2.00 37.00 39.00 OK
r-oldrel-osx-x86_64 0.1.1 NOTE

Check Details

Version: 0.1.1
Check: data for non-ASCII characters
Result: NOTE
     Note: found 27 marked UTF-8 strings
Flavors: r-devel-linux-x86_64-fedora-clang, r-devel-linux-x86_64-fedora-gcc, r-patched-solaris-x86, r-release-osx-x86_64, r-oldrel-osx-x86_64