CRAN Package Check Results for Package rfPermute

Last updated on 2020-01-27 00:48:17 CET.

Flavor Version Tinstall Tcheck Ttotal Status Flags
r-devel-linux-x86_64-debian-clang 2.1.7 11.47 111.85 123.32 OK
r-devel-linux-x86_64-debian-gcc 2.1.7 9.58 85.10 94.68 OK
r-devel-linux-x86_64-fedora-clang 2.1.7 139.95 NOTE
r-devel-linux-x86_64-fedora-gcc 2.1.7 147.22 NOTE
r-devel-windows-ix86+x86_64 2.1.7 33.00 170.00 203.00 OK
r-devel-windows-ix86+x86_64-gcc8 2.1.7 36.00 137.00 173.00 OK
r-patched-linux-x86_64 2.1.7 9.79 96.13 105.92 OK
r-patched-solaris-x86 2.1.7 199.20 NOTE
r-release-linux-x86_64 2.1.7 10.69 97.22 107.91 OK
r-release-windows-ix86+x86_64 2.1.7 18.00 122.00 140.00 OK
r-release-osx-x86_64 2.1.7 NOTE
r-oldrel-windows-ix86+x86_64 2.1.7 12.00 131.00 143.00 OK
r-oldrel-osx-x86_64 2.1.7 NOTE

Check Details

Version: 2.1.7
Check: dependencies in R code
Result: NOTE
    Namespace in Imports field not imported from: ‘plyr’
     All declared Imports should be used.
Flavors: r-devel-linux-x86_64-fedora-clang, r-devel-linux-x86_64-fedora-gcc, r-patched-solaris-x86, r-release-osx-x86_64, r-oldrel-osx-x86_64