CRAN Package Check Results for Package reshape2

Last updated on 2020-01-27 00:48:17 CET.

Flavor Version Tinstall Tcheck Ttotal Status Flags
r-devel-linux-x86_64-debian-clang 1.4.3 16.06 32.05 48.11 OK
r-devel-linux-x86_64-debian-gcc 1.4.3 12.51 25.34 37.85 OK
r-devel-linux-x86_64-fedora-clang 1.4.3 66.77 OK
r-devel-linux-x86_64-fedora-gcc 1.4.3 63.04 OK
r-devel-windows-ix86+x86_64 1.4.3 2.00 8.00 10.00 ERROR
r-devel-windows-ix86+x86_64-gcc8 1.4.3 53.00 84.00 137.00 OK
r-patched-linux-x86_64 1.4.3 15.27 29.38 44.65 OK
r-patched-solaris-x86 1.4.3 83.80 OK
r-release-linux-x86_64 1.4.3 14.23 30.70 44.93 OK
r-release-windows-ix86+x86_64 1.4.3 40.00 71.00 111.00 OK
r-release-osx-x86_64 1.4.3 OK
r-oldrel-windows-ix86+x86_64 1.4.3 34.00 80.00 114.00 OK
r-oldrel-osx-x86_64 1.4.3 OK

Check Details

Version: 1.4.3
Check: whether package can be installed
Result: ERROR
    Installation failed.
Flavor: r-devel-windows-ix86+x86_64