CRAN Package Check Results for Package reddPrec

Last updated on 2020-01-27 00:48:17 CET.

Flavor Version Tinstall Tcheck Ttotal Status Flags
r-devel-linux-x86_64-debian-clang 0.4.0 6.14 43.88 50.02 NOTE
r-devel-linux-x86_64-debian-gcc 0.4.0 4.46 34.28 38.74 NOTE
r-devel-linux-x86_64-fedora-clang 0.4.0 59.20 NOTE
r-devel-linux-x86_64-fedora-gcc 0.4.0 58.17 NOTE
r-devel-windows-ix86+x86_64 0.4.0 16.00 106.00 122.00 OK
r-devel-windows-ix86+x86_64-gcc8 0.4.0 19.00 103.00 122.00 OK
r-patched-linux-x86_64 0.4.0 5.04 38.87 43.91 OK
r-patched-solaris-x86 0.4.0 95.90 OK
r-release-linux-x86_64 0.4.0 5.02 39.58 44.60 OK
r-release-windows-ix86+x86_64 0.4.0 10.00 75.00 85.00 OK
r-release-osx-x86_64 0.4.0 OK
r-oldrel-windows-ix86+x86_64 0.4.0 6.00 99.00 105.00 OK
r-oldrel-osx-x86_64 0.4.0 OK

Check Details

Version: 0.4.0
Check: for non-standard things in the check directory
Result: NOTE
    Found the following files/directories:
     'Filled.RData' 'cleaned.RData' 'days' 'gridded'
Flavors: r-devel-linux-x86_64-debian-clang, r-devel-linux-x86_64-debian-gcc, r-devel-linux-x86_64-fedora-clang, r-devel-linux-x86_64-fedora-gcc