CRAN Package Check Results for Package rcrossref

Last updated on 2020-01-27 00:48:17 CET.

Flavor Version Tinstall Tcheck Ttotal Status Flags
r-devel-linux-x86_64-debian-clang 0.9.2 10.32 198.16 208.48 OK
r-devel-linux-x86_64-debian-gcc 0.9.2 8.13 154.35 162.48 OK
r-devel-linux-x86_64-fedora-clang 0.9.2 244.22 OK
r-devel-linux-x86_64-fedora-gcc 0.9.2 242.58 OK
r-devel-windows-ix86+x86_64 0.9.2 35.00 294.00 329.00 WARN
r-devel-windows-ix86+x86_64-gcc8 0.9.2 34.00 211.00 245.00 WARN
r-patched-linux-x86_64 0.9.2 9.66 185.16 194.82 OK
r-patched-solaris-x86 0.9.2 327.00 OK
r-release-linux-x86_64 0.9.2 8.51 180.76 189.27 OK
r-release-windows-ix86+x86_64 0.9.2 16.00 213.00 229.00 OK
r-release-osx-x86_64 0.9.2 OK
r-oldrel-windows-ix86+x86_64 0.9.2 10.00 196.00 206.00 OK
r-oldrel-osx-x86_64 0.9.2 OK

Check Details

Version: 0.9.2
Check: R files for syntax errors
Result: WARN
    Warnings in file 'R/crAddins.R':
     unable to translate '<U+25B2>' to native encoding
     unable to translate '<U+25BC>' to native encoding
Flavors: r-devel-windows-ix86+x86_64, r-devel-windows-ix86+x86_64-gcc8