Last updated on 2020-01-27 00:48:17 CET.
Flavor | Version | Tinstall | Tcheck | Ttotal | Status | Flags |
---|---|---|---|---|---|---|
r-devel-linux-x86_64-debian-clang | 1.0.2 | 2.97 | 12.89 | 15.86 | OK | |
r-devel-linux-x86_64-debian-gcc | 1.0.2 | 2.88 | 10.43 | 13.31 | OK | |
r-devel-linux-x86_64-fedora-clang | 1.0.2 | 20.80 | OK | |||
r-devel-linux-x86_64-fedora-gcc | 1.0.2 | 21.15 | OK | |||
r-devel-windows-ix86+x86_64 | 1.0.2 | 9.00 | 40.00 | 49.00 | OK | |
r-devel-windows-ix86+x86_64-gcc8 | 1.0.2 | 9.00 | 30.00 | 39.00 | OK | |
r-patched-linux-x86_64 | 1.0.2 | 2.87 | 12.14 | 15.01 | OK | |
r-patched-solaris-x86 | 1.0.2 | 30.40 | OK | |||
r-release-linux-x86_64 | 1.0.2 | 2.76 | 12.25 | 15.01 | OK | |
r-release-windows-ix86+x86_64 | 1.0.2 | 7.00 | 27.00 | 34.00 | OK | |
r-release-osx-x86_64 | 1.0.2 | OK | ||||
r-oldrel-windows-ix86+x86_64 | 1.0.2 | 4.00 | 27.00 | 31.00 | OK | |
r-oldrel-osx-x86_64 | 1.0.2 | NOTE |
Version: 1.0.2
Check: package dependencies
Result: NOTE
Package suggested but not available for checking: ‘rattle’
Flavor: r-oldrel-osx-x86_64