Last updated on 2020-01-27 00:48:17 CET.
Flavor | Version | Tinstall | Tcheck | Ttotal | Status | Flags |
---|---|---|---|---|---|---|
r-devel-linux-x86_64-debian-clang | 1.5 | 37.50 | 105.99 | 143.49 | OK | |
r-devel-linux-x86_64-debian-gcc | 1.5 | 29.28 | 82.78 | 112.06 | OK | |
r-devel-linux-x86_64-fedora-clang | 1.5 | 183.77 | OK | |||
r-devel-linux-x86_64-fedora-gcc | 1.5 | 185.64 | OK | |||
r-devel-windows-ix86+x86_64 | 1.5 | 77.00 | 216.00 | 293.00 | OK | |
r-devel-windows-ix86+x86_64-gcc8 | 1.5 | 95.00 | 183.00 | 278.00 | NOTE | |
r-patched-linux-x86_64 | 1.5 | 33.49 | 94.98 | 128.47 | OK | |
r-patched-solaris-x86 | 1.5 | 255.90 | OK | |||
r-release-linux-x86_64 | 1.5 | 32.95 | 94.56 | 127.51 | OK | |
r-release-windows-ix86+x86_64 | 1.5 | 66.00 | 153.00 | 219.00 | OK | |
r-release-osx-x86_64 | 1.5 | OK | ||||
r-oldrel-windows-ix86+x86_64 | 1.5 | 53.00 | 142.00 | 195.00 | OK | |
r-oldrel-osx-x86_64 | 1.5 | OK |
Version: 1.5
Check: installed package size
Result: NOTE
installed size is 5.3Mb
sub-directories of 1Mb or more:
R 2.4Mb
libs 2.0Mb
Flavor: r-devel-windows-ix86+x86_64-gcc8