CRAN Package Check Results for Package raceland

Last updated on 2020-01-27 00:48:17 CET.

Flavor Version Tinstall Tcheck Ttotal Status Flags
r-devel-linux-x86_64-debian-clang 1.0.3 81.54 257.99 339.53 ERROR
r-devel-linux-x86_64-debian-gcc 1.0.3 52.06 228.70 280.76 ERROR
r-devel-linux-x86_64-fedora-clang 1.0.3 428.04 NOTE
r-devel-linux-x86_64-fedora-gcc 1.0.3 412.34 NOTE
r-devel-windows-ix86+x86_64 1.0.3 201.00 370.00 571.00 OK
r-devel-windows-ix86+x86_64-gcc8 1.0.3 224.00 312.00 536.00 OK
r-patched-linux-x86_64 1.0.3 62.63 243.60 306.23 ERROR
r-patched-solaris-x86 1.0.3 511.70 NOTE
r-release-linux-x86_64 1.0.3 64.08 243.71 307.79 ERROR
r-release-windows-ix86+x86_64 1.0.3 147.00 272.00 419.00 OK
r-release-osx-x86_64 1.0.3 NOTE
r-oldrel-windows-ix86+x86_64 1.0.3 148.00 266.00 414.00 OK
r-oldrel-osx-x86_64 1.0.3 NOTE

Check Details

Version: 1.0.3
Check: tests
Result: ERROR
     Running 'testthat.R' [8s/8s]
    Running the tests in 'tests/testthat.R' failed.
    Complete output:
     > library(testthat)
     > library(raceland)
     > library(raster)
     Loading required package: sp
     > library(sf)
     Linking to GEOS 3.8.0, GDAL 3.0.3, PROJ 6.3.0
     >
     > test_check("raceland")
     -- 1. Failure: (unknown) (@test-results.R#26) ---------------------------------
     `grid_sf2` not equal to `grid_sf`.
     Component "geom": Attributes: < Component "crs": Component "proj4string": 1 string mismatch >
    
     == testthat results ===========================================================
     [ OK: 13 | SKIPPED: 0 | WARNINGS: 0 | FAILED: 1 ]
     1. Failure: (unknown) (@test-results.R#26)
    
     Error: testthat unit tests failed
     Execution halted
Flavor: r-devel-linux-x86_64-debian-clang

Version: 1.0.3
Check: tests
Result: ERROR
     Running ‘testthat.R’ [6s/8s]
    Running the tests in ‘tests/testthat.R’ failed.
    Complete output:
     > library(testthat)
     > library(raceland)
     > library(raster)
     Loading required package: sp
     > library(sf)
     Linking to GEOS 3.8.0, GDAL 3.0.3, PROJ 6.3.0
     >
     > test_check("raceland")
     ── 1. Failure: (unknown) (@test-results.R#26) ─────────────────────────────────
     `grid_sf2` not equal to `grid_sf`.
     Component "geom": Attributes: < Component "crs": Component "proj4string": 1 string mismatch >
    
     ══ testthat results ═══════════════════════════════════════════════════════════
     [ OK: 13 | SKIPPED: 0 | WARNINGS: 0 | FAILED: 1 ]
     1. Failure: (unknown) (@test-results.R#26)
    
     Error: testthat unit tests failed
     Execution halted
Flavor: r-devel-linux-x86_64-debian-gcc

Version: 1.0.3
Check: dependencies in R code
Result: NOTE
    Namespace in Imports field not imported from: ‘comat’
     All declared Imports should be used.
Flavors: r-devel-linux-x86_64-fedora-clang, r-devel-linux-x86_64-fedora-gcc, r-patched-solaris-x86, r-release-osx-x86_64, r-oldrel-osx-x86_64

Version: 1.0.3
Check: tests
Result: ERROR
     Running ‘testthat.R’ [6s/7s]
    Running the tests in ‘tests/testthat.R’ failed.
    Complete output:
     > library(testthat)
     > library(raceland)
     > library(raster)
     Loading required package: sp
     > library(sf)
     Linking to GEOS 3.8.0, GDAL 3.0.3, PROJ 6.3.0
     >
     > test_check("raceland")
     ── 1. Failure: (unknown) (@test-results.R#26) ─────────────────────────────────
     `grid_sf2` not equal to `grid_sf`.
     Component "geom": Attributes: < Component "crs": Component "proj4string": 1 string mismatch >
    
     ══ testthat results ═══════════════════════════════════════════════════════════
     [ OK: 13 | SKIPPED: 0 | WARNINGS: 0 | FAILED: 1 ]
     1. Failure: (unknown) (@test-results.R#26)
    
     Error: testthat unit tests failed
     Execution halted
Flavors: r-patched-linux-x86_64, r-release-linux-x86_64