CRAN Package Check Results for Package rMVP

Last updated on 2020-01-27 00:48:18 CET.

Flavor Version Tinstall Tcheck Ttotal Status Flags
r-devel-linux-x86_64-debian-clang 0.99.17 97.19 65.90 163.09 OK
r-devel-linux-x86_64-debian-gcc 0.99.17 71.68 51.31 122.99 OK
r-devel-linux-x86_64-fedora-clang 0.99.17 214.68 NOTE
r-devel-linux-x86_64-fedora-gcc 0.99.17 209.83 OK
r-devel-windows-ix86+x86_64 0.99.17 217.00 140.00 357.00 OK
r-devel-windows-ix86+x86_64-gcc8 0.99.17 247.00 110.00 357.00 OK
r-patched-linux-x86_64 0.99.17 79.72 60.38 140.10 OK
r-patched-solaris-x86 0.99.17 198.60 OK
r-release-linux-x86_64 0.99.17 79.92 60.55 140.47 OK
r-release-windows-ix86+x86_64 0.99.17 154.00 104.00 258.00 OK
r-release-osx-x86_64 0.99.17 NOTE
r-oldrel-windows-ix86+x86_64 0.99.17 163.00 79.00 242.00 OK
r-oldrel-osx-x86_64 0.99.17 NOTE

Additional issues

LTO

Check Details

Version: 0.99.17
Check: installed package size
Result: NOTE
     installed size is 17.2Mb
     sub-directories of 1Mb or more:
     libs 15.9Mb
Flavors: r-devel-linux-x86_64-fedora-clang, r-release-osx-x86_64, r-oldrel-osx-x86_64