Last updated on 2020-01-27 00:48:17 CET.
Flavor | Version | Tinstall | Tcheck | Ttotal | Status | Flags |
---|---|---|---|---|---|---|
r-devel-linux-x86_64-debian-clang | 0.1 | 27.82 | 23.64 | 51.46 | NOTE | |
r-devel-linux-x86_64-debian-gcc | 0.1 | 21.36 | 19.37 | 40.73 | NOTE | |
r-devel-linux-x86_64-fedora-clang | 0.1 | 71.58 | NOTE | |||
r-devel-linux-x86_64-fedora-gcc | 0.1 | 69.01 | NOTE | |||
r-devel-windows-ix86+x86_64 | 0.1 | 66.00 | 80.00 | 146.00 | NOTE | |
r-devel-windows-ix86+x86_64-gcc8 | 0.1 | 70.00 | 69.00 | 139.00 | NOTE | |
r-patched-linux-x86_64 | 0.1 | 22.28 | 22.24 | 44.52 | NOTE | |
r-patched-solaris-x86 | 0.1 | 69.30 | NOTE | |||
r-release-linux-x86_64 | 0.1 | 21.92 | 22.38 | 44.30 | NOTE | |
r-release-windows-ix86+x86_64 | 0.1 | 47.00 | 56.00 | 103.00 | NOTE | |
r-release-osx-x86_64 | 0.1 | NOTE | ||||
r-oldrel-windows-ix86+x86_64 | 0.1 | 41.00 | 59.00 | 100.00 | OK | |
r-oldrel-osx-x86_64 | 0.1 | OK |
Version: 0.1
Check: line endings in C/C++/Fortran sources/headers
Result: NOTE
Found the following sources/headers with CR or CRLF line endings:
inst/include/rCRM.h
inst/include/rCRM_RcppExports.h
Some Unix compilers require LF line endings.
Flavors: r-devel-linux-x86_64-debian-clang, r-devel-linux-x86_64-debian-gcc, r-devel-linux-x86_64-fedora-clang, r-devel-linux-x86_64-fedora-gcc, r-devel-windows-ix86+x86_64, r-devel-windows-ix86+x86_64-gcc8, r-patched-linux-x86_64, r-patched-solaris-x86, r-release-linux-x86_64, r-release-windows-ix86+x86_64, r-release-osx-x86_64