CRAN Package Check Results for Package r4ss

Last updated on 2020-01-27 00:48:16 CET.

Flavor Version Tinstall Tcheck Ttotal Status Flags
r-devel-linux-x86_64-debian-clang 1.36.1 47.48 179.57 227.05 OK
r-devel-linux-x86_64-debian-gcc 1.36.1 40.41 134.00 174.41 OK
r-devel-linux-x86_64-fedora-clang 1.36.1 266.95 WARN
r-devel-linux-x86_64-fedora-gcc 1.36.1 263.81 OK
r-devel-windows-ix86+x86_64 1.36.1 67.00 230.00 297.00 OK
r-devel-windows-ix86+x86_64-gcc8 1.36.1 94.00 174.00 268.00 OK
r-patched-linux-x86_64 1.36.1 33.65 157.94 191.59 OK
r-patched-solaris-x86 1.36.1 289.90 OK
r-release-linux-x86_64 1.36.1 38.89 157.62 196.51 OK
r-release-windows-ix86+x86_64 1.36.1 52.00 158.00 210.00 OK
r-release-osx-x86_64 1.36.1 OK
r-oldrel-windows-ix86+x86_64 1.36.1 52.00 142.00 194.00 OK
r-oldrel-osx-x86_64 1.36.1 OK

Check Details

Version: 1.36.1
Check: package dependencies
Result: WARN
    Requires orphaned package: ‘gplots’
Flavor: r-devel-linux-x86_64-fedora-clang