CRAN Package Check Results for Package r2pmml

Last updated on 2020-01-27 00:48:16 CET.

Flavor Version Tinstall Tcheck Ttotal Status Flags
r-devel-linux-x86_64-debian-clang 0.23.0 2.82 39.77 42.59 ERROR
r-devel-linux-x86_64-debian-gcc 0.23.0 2.16 29.98 32.14 ERROR
r-devel-linux-x86_64-fedora-clang 0.23.0 53.09 ERROR
r-devel-linux-x86_64-fedora-gcc 0.23.0 51.88 ERROR
r-devel-windows-ix86+x86_64 0.23.0 9.00 59.00 68.00 ERROR
r-devel-windows-ix86+x86_64-gcc8 0.23.0 9.00 51.00 60.00 ERROR
r-patched-linux-x86_64 0.23.0 1.89 36.75 38.64 ERROR
r-patched-solaris-x86 0.23.0 47.00 ERROR
r-release-linux-x86_64 0.23.0 1.86 38.18 40.04 ERROR
r-release-windows-ix86+x86_64 0.23.0 6.00 42.00 48.00 ERROR
r-release-osx-x86_64 0.23.0 OK
r-oldrel-windows-ix86+x86_64 0.23.0 4.00 40.00 44.00 ERROR
r-oldrel-osx-x86_64 0.23.0 OK

Check Details

Version: 0.23.0
Check: examples
Result: ERROR
    Running examples in 'r2pmml-Ex.R' failed
    The error most likely occurred in:
    
    > base::assign(".ptime", proc.time(), pos = "CheckExEnv")
    > ### Name: decorate.ranger
    > ### Title: Decorates a "ranger" object with a "variable.levels" element.
    > ### Aliases: decorate.ranger
    >
    > ### ** Examples
    >
    > library("ranger")
    > library("r2pmml")
    >
    > data(iris)
    > iris.ranger = ranger(Species ~ ., data = iris, num.trees = 17,
    + write.forest = TRUE, probability = TRUE)
    > iris.ranger = decorate(iris.ranger, data = iris)
    > r2pmml(iris.ranger, file.path(tempdir(), "Iris-Ranger.pmml"))
    Jan 24, 2020 1:54:52 AM org.jpmml.rexp.Main run
    INFO: Parsing RDS..
    Jan 24, 2020 1:54:52 AM org.jpmml.rexp.Main run
    INFO: Parsed RDS in 28 ms.
    Jan 24, 2020 1:54:52 AM org.jpmml.rexp.Main run
    INFO: Initializing default Converter
    Jan 24, 2020 1:54:52 AM org.jpmml.rexp.Main run
    INFO: Initialized org.jpmml.rexp.RangerConverter
    Jan 24, 2020 1:54:52 AM org.jpmml.rexp.Main run
    INFO: Converting..
    Jan 24, 2020 1:54:52 AM org.jpmml.rexp.Main run
    SEVERE: Failed to convert
    java.lang.ArrayIndexOutOfBoundsException: Index 4 out of bounds for length 4
     at org.jpmml.rexp.RBooleanVector.getValue(RBooleanVector.java:51)
     at org.jpmml.rexp.RangerConverter.encodeSchema(RangerConverter.java:100)
     at org.jpmml.rexp.ModelConverter.encodePMML(ModelConverter.java:69)
     at org.jpmml.rexp.Converter.encodePMML(Converter.java:39)
     at org.jpmml.rexp.Main.run(Main.java:149)
     at org.jpmml.rexp.Main.main(Main.java:97)
    
    Exception in thread "main" java.lang.ArrayIndexOutOfBoundsException: Index 4 out of bounds for length 4
     at org.jpmml.rexp.RBooleanVector.getValue(RBooleanVector.java:51)
     at org.jpmml.rexp.RangerConverter.encodeSchema(RangerConverter.java:100)
     at org.jpmml.rexp.ModelConverter.encodePMML(ModelConverter.java:69)
     at org.jpmml.rexp.Converter.encodePMML(Converter.java:39)
     at org.jpmml.rexp.Main.run(Main.java:149)
     at org.jpmml.rexp.Main.main(Main.java:97)
    Error in .convert(tempfile, file, converter, converter_classpath, verbose) :
     The JPMML-R conversion application has failed (error code 1). The Java executable should have printed more information about the failure into its standard output and/or standard error streams
    Calls: r2pmml -> tryCatch -> tryCatchList -> main -> .convert
    Execution halted
Flavor: r-devel-linux-x86_64-debian-clang

Version: 0.23.0
Check: examples
Result: ERROR
    Running examples in ‘r2pmml-Ex.R’ failed
    The error most likely occurred in:
    
    > base::assign(".ptime", proc.time(), pos = "CheckExEnv")
    > ### Name: decorate.ranger
    > ### Title: Decorates a "ranger" object with a "variable.levels" element.
    > ### Aliases: decorate.ranger
    >
    > ### ** Examples
    >
    > library("ranger")
    > library("r2pmml")
    >
    > data(iris)
    > iris.ranger = ranger(Species ~ ., data = iris, num.trees = 17,
    + write.forest = TRUE, probability = TRUE)
    > iris.ranger = decorate(iris.ranger, data = iris)
    > r2pmml(iris.ranger, file.path(tempdir(), "Iris-Ranger.pmml"))
    Jan 26, 2020 10:51:30 PM org.jpmml.rexp.Main run
    INFO: Parsing RDS..
    Jan 26, 2020 10:51:30 PM org.jpmml.rexp.Main run
    INFO: Parsed RDS in 25 ms.
    Jan 26, 2020 10:51:30 PM org.jpmml.rexp.Main run
    INFO: Initializing default Converter
    Jan 26, 2020 10:51:30 PM org.jpmml.rexp.Main run
    INFO: Initialized org.jpmml.rexp.RangerConverter
    Jan 26, 2020 10:51:30 PM org.jpmml.rexp.Main run
    INFO: Converting..
    Jan 26, 2020 10:51:30 PM org.jpmml.rexp.Main run
    SEVERE: Failed to convert
    java.lang.ArrayIndexOutOfBoundsException: Index 4 out of bounds for length 4
     at org.jpmml.rexp.RBooleanVector.getValue(RBooleanVector.java:51)
     at org.jpmml.rexp.RangerConverter.encodeSchema(RangerConverter.java:100)
     at org.jpmml.rexp.ModelConverter.encodePMML(ModelConverter.java:69)
     at org.jpmml.rexp.Converter.encodePMML(Converter.java:39)
     at org.jpmml.rexp.Main.run(Main.java:149)
     at org.jpmml.rexp.Main.main(Main.java:97)
    
    Exception in thread "main" java.lang.ArrayIndexOutOfBoundsException: Index 4 out of bounds for length 4
     at org.jpmml.rexp.RBooleanVector.getValue(RBooleanVector.java:51)
     at org.jpmml.rexp.RangerConverter.encodeSchema(RangerConverter.java:100)
     at org.jpmml.rexp.ModelConverter.encodePMML(ModelConverter.java:69)
     at org.jpmml.rexp.Converter.encodePMML(Converter.java:39)
     at org.jpmml.rexp.Main.run(Main.java:149)
     at org.jpmml.rexp.Main.main(Main.java:97)
    Error in .convert(tempfile, file, converter, converter_classpath, verbose) :
     The JPMML-R conversion application has failed (error code 1). The Java executable should have printed more information about the failure into its standard output and/or standard error streams
    Calls: r2pmml -> tryCatch -> tryCatchList -> main -> .convert
    Execution halted
Flavor: r-devel-linux-x86_64-debian-gcc

Version: 0.23.0
Check: examples
Result: ERROR
    Running examples in ‘r2pmml-Ex.R’ failed
    The error most likely occurred in:
    
    > ### Name: decorate.ranger
    > ### Title: Decorates a "ranger" object with a "variable.levels" element.
    > ### Aliases: decorate.ranger
    >
    > ### ** Examples
    >
    > library("ranger")
    > library("r2pmml")
    >
    > data(iris)
    > iris.ranger = ranger(Species ~ ., data = iris, num.trees = 17,
    + write.forest = TRUE, probability = TRUE)
    > iris.ranger = decorate(iris.ranger, data = iris)
    > r2pmml(iris.ranger, file.path(tempdir(), "Iris-Ranger.pmml"))
    Jan 25, 2020 11:38:35 PM org.jpmml.rexp.Main run
    INFO: Parsing RDS..
    Jan 25, 2020 11:38:35 PM org.jpmml.rexp.Main run
    INFO: Parsed RDS in 25 ms.
    Jan 25, 2020 11:38:35 PM org.jpmml.rexp.Main run
    INFO: Initializing default Converter
    Jan 25, 2020 11:38:35 PM org.jpmml.rexp.Main run
    INFO: Initialized org.jpmml.rexp.RangerConverter
    Jan 25, 2020 11:38:35 PM org.jpmml.rexp.Main run
    INFO: Converting..
    Jan 25, 2020 11:38:35 PM org.jpmml.rexp.Main run
    SEVERE: Failed to convert
    java.lang.ArrayIndexOutOfBoundsException: Index 4 out of bounds for length 4
     at org.jpmml.rexp.RBooleanVector.getValue(RBooleanVector.java:51)
     at org.jpmml.rexp.RangerConverter.encodeSchema(RangerConverter.java:100)
     at org.jpmml.rexp.ModelConverter.encodePMML(ModelConverter.java:69)
     at org.jpmml.rexp.Converter.encodePMML(Converter.java:39)
     at org.jpmml.rexp.Main.run(Main.java:149)
     at org.jpmml.rexp.Main.main(Main.java:97)
    
    Exception in thread "main" java.lang.ArrayIndexOutOfBoundsException: Index 4 out of bounds for length 4
     at org.jpmml.rexp.RBooleanVector.getValue(RBooleanVector.java:51)
     at org.jpmml.rexp.RangerConverter.encodeSchema(RangerConverter.java:100)
     at org.jpmml.rexp.ModelConverter.encodePMML(ModelConverter.java:69)
     at org.jpmml.rexp.Converter.encodePMML(Converter.java:39)
     at org.jpmml.rexp.Main.run(Main.java:149)
     at org.jpmml.rexp.Main.main(Main.java:97)
    Error in .convert(tempfile, file, converter, converter_classpath, verbose) :
     The JPMML-R conversion application has failed (error code 1). The Java executable should have printed more information about the failure into its standard output and/or standard error streams
    Calls: r2pmml -> tryCatch -> tryCatchList -> main -> .convert
    Execution halted
Flavor: r-devel-linux-x86_64-fedora-clang

Version: 0.23.0
Check: examples
Result: ERROR
    Running examples in ‘r2pmml-Ex.R’ failed
    The error most likely occurred in:
    
    > ### Name: decorate.ranger
    > ### Title: Decorates a "ranger" object with a "variable.levels" element.
    > ### Aliases: decorate.ranger
    >
    > ### ** Examples
    >
    > library("ranger")
    > library("r2pmml")
    >
    > data(iris)
    > iris.ranger = ranger(Species ~ ., data = iris, num.trees = 17,
    + write.forest = TRUE, probability = TRUE)
    > iris.ranger = decorate(iris.ranger, data = iris)
    > r2pmml(iris.ranger, file.path(tempdir(), "Iris-Ranger.pmml"))
    Jan 20, 2020 2:30:04 AM org.jpmml.rexp.Main run
    INFO: Parsing RDS..
    Jan 20, 2020 2:30:04 AM org.jpmml.rexp.Main run
    INFO: Parsed RDS in 25 ms.
    Jan 20, 2020 2:30:04 AM org.jpmml.rexp.Main run
    INFO: Initializing default Converter
    Jan 20, 2020 2:30:04 AM org.jpmml.rexp.Main run
    INFO: Initialized org.jpmml.rexp.RangerConverter
    Jan 20, 2020 2:30:04 AM org.jpmml.rexp.Main run
    INFO: Converting..
    Jan 20, 2020 2:30:04 AM org.jpmml.rexp.Main run
    SEVERE: Failed to convert
    java.lang.ArrayIndexOutOfBoundsException: Index 4 out of bounds for length 4
     at org.jpmml.rexp.RBooleanVector.getValue(RBooleanVector.java:51)
     at org.jpmml.rexp.RangerConverter.encodeSchema(RangerConverter.java:100)
     at org.jpmml.rexp.ModelConverter.encodePMML(ModelConverter.java:69)
     at org.jpmml.rexp.Converter.encodePMML(Converter.java:39)
     at org.jpmml.rexp.Main.run(Main.java:149)
     at org.jpmml.rexp.Main.main(Main.java:97)
    
    Exception in thread "main" java.lang.ArrayIndexOutOfBoundsException: Index 4 out of bounds for length 4
     at org.jpmml.rexp.RBooleanVector.getValue(RBooleanVector.java:51)
     at org.jpmml.rexp.RangerConverter.encodeSchema(RangerConverter.java:100)
     at org.jpmml.rexp.ModelConverter.encodePMML(ModelConverter.java:69)
     at org.jpmml.rexp.Converter.encodePMML(Converter.java:39)
     at org.jpmml.rexp.Main.run(Main.java:149)
     at org.jpmml.rexp.Main.main(Main.java:97)
    Error in .convert(tempfile, file, converter, converter_classpath, verbose) :
     The JPMML-R conversion application has failed (error code 1). The Java executable should have printed more information about the failure into its standard output and/or standard error streams
    Calls: r2pmml -> tryCatch -> tryCatchList -> main -> .convert
    Execution halted
Flavor: r-devel-linux-x86_64-fedora-gcc

Version: 0.23.0
Check: examples
Result: ERROR
    Running examples in 'r2pmml-Ex.R' failed
    The error most likely occurred in:
    
    > ### Name: decorate.ranger
    > ### Title: Decorates a "ranger" object with a "variable.levels" element.
    > ### Aliases: decorate.ranger
    >
    > ### ** Examples
    >
    > library("ranger")
    > library("r2pmml")
    >
    > data(iris)
    > iris.ranger = ranger(Species ~ ., data = iris, num.trees = 17,
    + write.forest = TRUE, probability = TRUE)
    > iris.ranger = decorate(iris.ranger, data = iris)
    > r2pmml(iris.ranger, file.path(tempdir(), "Iris-Ranger.pmml"))
    Jan 22, 2020 4:05:45 PM org.jpmml.rexp.Main run
    INFORMATION: Parsing RDS..
    Jan 22, 2020 4:05:45 PM org.jpmml.rexp.Main run
    INFORMATION: Parsed RDS in 15 ms.
    Jan 22, 2020 4:05:45 PM org.jpmml.rexp.Main run
    INFORMATION: Initializing default Converter
    Jan 22, 2020 4:05:45 PM org.jpmml.rexp.Main run
    INFORMATION: Initialized org.jpmml.rexp.RangerConverter
    Jan 22, 2020 4:05:45 PM org.jpmml.rexp.Main run
    INFORMATION: Converting..
    Jan 22, 2020 4:05:45 PM org.jpmml.rexp.Main run
    SCHWERWIEGEND: Failed to convert
    java.lang.ArrayIndexOutOfBoundsException: 4
     at org.jpmml.rexp.RBooleanVector.getValue(RBooleanVector.java:51)
     at org.jpmml.rexp.RangerConverter.encodeSchema(RangerConverter.java:100)
     at org.jpmml.rexp.ModelConverter.encodePMML(ModelConverter.java:69)
     at org.jpmml.rexp.Converter.encodePMML(Converter.java:39)
     at org.jpmml.rexp.Main.run(Main.java:149)
     at org.jpmml.rexp.Main.main(Main.java:97)
    
    Exception in thread "main" java.lang.ArrayIndexOutOfBoundsException: 4
     at org.jpmml.rexp.RBooleanVector.getValue(RBooleanVector.java:51)
     at org.jpmml.rexp.RangerConverter.encodeSchema(RangerConverter.java:100)
     at org.jpmml.rexp.ModelConverter.encodePMML(ModelConverter.java:69)
     at org.jpmml.rexp.Converter.encodePMML(Converter.java:39)
     at org.jpmml.rexp.Main.run(Main.java:149)
     at org.jpmml.rexp.Main.main(Main.java:97)
    Error in .convert(tempfile, file, converter, converter_classpath, verbose) :
     The JPMML-R conversion application has failed (error code 1). The Java executable should have printed more information about the failure into its standard output and/or standard error streams
    Calls: r2pmml -> tryCatch -> tryCatchList -> main -> .convert
    Execution halted
Flavor: r-devel-windows-ix86+x86_64

Version: 0.23.0
Check: examples
Result: ERROR
    Running examples in 'r2pmml-Ex.R' failed
    The error most likely occurred in:
    
    > ### Name: decorate.ranger
    > ### Title: Decorates a "ranger" object with a "variable.levels" element.
    > ### Aliases: decorate.ranger
    >
    > ### ** Examples
    >
    > library("ranger")
    > library("r2pmml")
    >
    > data(iris)
    > iris.ranger = ranger(Species ~ ., data = iris, num.trees = 17,
    + write.forest = TRUE, probability = TRUE)
    > iris.ranger = decorate(iris.ranger, data = iris)
    > r2pmml(iris.ranger, file.path(tempdir(), "Iris-Ranger.pmml"))
    Jan 21, 2020 4:28:02 AM org.jpmml.rexp.Main run
    INFORMATION: Parsing RDS..
    Jan 21, 2020 4:28:02 AM org.jpmml.rexp.Main run
    INFORMATION: Parsed RDS in 16 ms.
    Jan 21, 2020 4:28:02 AM org.jpmml.rexp.Main run
    INFORMATION: Initializing default Converter
    Jan 21, 2020 4:28:02 AM org.jpmml.rexp.Main run
    INFORMATION: Initialized org.jpmml.rexp.RangerConverter
    Jan 21, 2020 4:28:02 AM org.jpmml.rexp.Main run
    INFORMATION: Converting..
    Jan 21, 2020 4:28:02 AM org.jpmml.rexp.Main run
    SCHWERWIEGEND: Failed to convert
    java.lang.ArrayIndexOutOfBoundsException: 4
     at org.jpmml.rexp.RBooleanVector.getValue(RBooleanVector.java:51)
     at org.jpmml.rexp.RangerConverter.encodeSchema(RangerConverter.java:100)
     at org.jpmml.rexp.ModelConverter.encodePMML(ModelConverter.java:69)
     at org.jpmml.rexp.Converter.encodePMML(Converter.java:39)
     at org.jpmml.rexp.Main.run(Main.java:149)
     at org.jpmml.rexp.Main.main(Main.java:97)
    
    Exception in thread "main" java.lang.ArrayIndexOutOfBoundsException: 4
     at org.jpmml.rexp.RBooleanVector.getValue(RBooleanVector.java:51)
     at org.jpmml.rexp.RangerConverter.encodeSchema(RangerConverter.java:100)
     at org.jpmml.rexp.ModelConverter.encodePMML(ModelConverter.java:69)
     at org.jpmml.rexp.Converter.encodePMML(Converter.java:39)
     at org.jpmml.rexp.Main.run(Main.java:149)
     at org.jpmml.rexp.Main.main(Main.java:97)
    Error in .convert(tempfile, file, converter, converter_classpath, verbose) :
     The JPMML-R conversion application has failed (error code 1). The Java executable should have printed more information about the failure into its standard output and/or standard error streams
    Calls: r2pmml -> tryCatch -> tryCatchList -> main -> .convert
    Execution halted
Flavor: r-devel-windows-ix86+x86_64-gcc8

Version: 0.23.0
Check: examples
Result: ERROR
    Running examples in ‘r2pmml-Ex.R’ failed
    The error most likely occurred in:
    
    > base::assign(".ptime", proc.time(), pos = "CheckExEnv")
    > ### Name: decorate.ranger
    > ### Title: Decorates a "ranger" object with a "variable.levels" element.
    > ### Aliases: decorate.ranger
    >
    > ### ** Examples
    >
    > library("ranger")
    > library("r2pmml")
    >
    > data(iris)
    > iris.ranger = ranger(Species ~ ., data = iris, num.trees = 17,
    + write.forest = TRUE, probability = TRUE)
    > iris.ranger = decorate(iris.ranger, data = iris)
    > r2pmml(iris.ranger, file.path(tempdir(), "Iris-Ranger.pmml"))
    Jan 24, 2020 4:38:35 PM org.jpmml.rexp.Main run
    INFO: Parsing RDS..
    Jan 24, 2020 4:38:35 PM org.jpmml.rexp.Main run
    INFO: Parsed RDS in 10 ms.
    Jan 24, 2020 4:38:35 PM org.jpmml.rexp.Main run
    INFO: Initializing default Converter
    Jan 24, 2020 4:38:36 PM org.jpmml.rexp.Main run
    INFO: Initialized org.jpmml.rexp.RangerConverter
    Jan 24, 2020 4:38:36 PM org.jpmml.rexp.Main run
    INFO: Converting..
    Jan 24, 2020 4:38:36 PM org.jpmml.rexp.Main run
    SEVERE: Failed to convert
    java.lang.ArrayIndexOutOfBoundsException: Index 4 out of bounds for length 4
     at org.jpmml.rexp.RBooleanVector.getValue(RBooleanVector.java:51)
     at org.jpmml.rexp.RangerConverter.encodeSchema(RangerConverter.java:100)
     at org.jpmml.rexp.ModelConverter.encodePMML(ModelConverter.java:69)
     at org.jpmml.rexp.Converter.encodePMML(Converter.java:39)
     at org.jpmml.rexp.Main.run(Main.java:149)
     at org.jpmml.rexp.Main.main(Main.java:97)
    
    Exception in thread "main" java.lang.ArrayIndexOutOfBoundsException: Index 4 out of bounds for length 4
     at org.jpmml.rexp.RBooleanVector.getValue(RBooleanVector.java:51)
     at org.jpmml.rexp.RangerConverter.encodeSchema(RangerConverter.java:100)
     at org.jpmml.rexp.ModelConverter.encodePMML(ModelConverter.java:69)
     at org.jpmml.rexp.Converter.encodePMML(Converter.java:39)
     at org.jpmml.rexp.Main.run(Main.java:149)
     at org.jpmml.rexp.Main.main(Main.java:97)
    Error in .convert(tempfile, file, converter, converter_classpath, verbose) :
     The JPMML-R conversion application has failed (error code 1). The Java executable should have printed more information about the failure into its standard output and/or standard error streams
    Calls: r2pmml -> tryCatch -> tryCatchList -> main -> .convert
    Execution halted
Flavor: r-patched-linux-x86_64

Version: 0.23.0
Check: examples
Result: ERROR
    Running examples in ‘r2pmml-Ex.R’ failed
    The error most likely occurred in:
    
    > ### Name: decorate.glmnet
    > ### Title: Decorates a "glmnet" object with a "lambda.s" element.
    > ### Aliases: decorate.glmnet
    >
    > ### ** Examples
    >
    > library("glmnet")
    Loading required package: Matrix
    Loaded glmnet 3.0-2
    
    > library("r2pmml")
    >
    > data(iris)
    > iris_x = as.matrix(iris[, -ncol(iris)])
    > iris_y = iris[, ncol(iris)]
    > iris.glmnet = glmnet(x = iris_x, y = iris_y, family = "multinomial")
    > iris.glmnet = decorate(iris.glmnet, lambda.s = iris.glmnet$lambda[49])
    > r2pmml(iris.glmnet, file.path(tempdir(), "Iris-GLMNet.pmml"))
    Exception in thread "main" java.lang.UnsupportedClassVersionError: org/jpmml/rexp/Main : Unsupported major.minor version 52.0
     at java.lang.ClassLoader.defineClass1(Native Method)
     at java.lang.ClassLoader.defineClass(ClassLoader.java:800)
     at java.security.SecureClassLoader.defineClass(SecureClassLoader.java:142)
     at java.net.URLClassLoader.defineClass(URLClassLoader.java:449)
     at java.net.URLClassLoader.access$100(URLClassLoader.java:71)
     at java.net.URLClassLoader$1.run(URLClassLoader.java:361)
     at java.net.URLClassLoader$1.run(URLClassLoader.java:355)
     at java.security.AccessController.doPrivileged(Native Method)
     at java.net.URLClassLoader.findClass(URLClassLoader.java:354)
     at java.lang.ClassLoader.loadClass(ClassLoader.java:425)
     at sun.misc.Launcher$AppClassLoader.loadClass(Launcher.java:308)
     at java.lang.ClassLoader.loadClass(ClassLoader.java:358)
     at sun.launcher.LauncherHelper.checkAndLoadMain(LauncherHelper.java:482)
    Error in .convert(tempfile, file, converter, converter_classpath, verbose) :
     The JPMML-R conversion application has failed (error code 1). The Java executable should have printed more information about the failure into its standard output and/or standard error streams
    Calls: r2pmml -> tryCatch -> tryCatchList -> main -> .convert
    Execution halted
Flavor: r-patched-solaris-x86

Version: 0.23.0
Check: examples
Result: ERROR
    Running examples in ‘r2pmml-Ex.R’ failed
    The error most likely occurred in:
    
    > base::assign(".ptime", proc.time(), pos = "CheckExEnv")
    > ### Name: decorate.ranger
    > ### Title: Decorates a "ranger" object with a "variable.levels" element.
    > ### Aliases: decorate.ranger
    >
    > ### ** Examples
    >
    > library("ranger")
    > library("r2pmml")
    >
    > data(iris)
    > iris.ranger = ranger(Species ~ ., data = iris, num.trees = 17,
    + write.forest = TRUE, probability = TRUE)
    > iris.ranger = decorate(iris.ranger, data = iris)
    > r2pmml(iris.ranger, file.path(tempdir(), "Iris-Ranger.pmml"))
    Jan 25, 2020 8:35:31 AM org.jpmml.rexp.Main run
    INFO: Parsing RDS..
    Jan 25, 2020 8:35:31 AM org.jpmml.rexp.Main run
    INFO: Parsed RDS in 26 ms.
    Jan 25, 2020 8:35:31 AM org.jpmml.rexp.Main run
    INFO: Initializing default Converter
    Jan 25, 2020 8:35:31 AM org.jpmml.rexp.Main run
    INFO: Initialized org.jpmml.rexp.RangerConverter
    Jan 25, 2020 8:35:31 AM org.jpmml.rexp.Main run
    INFO: Converting..
    Jan 25, 2020 8:35:31 AM org.jpmml.rexp.Main run
    SEVERE: Failed to convert
    java.lang.ArrayIndexOutOfBoundsException: Index 4 out of bounds for length 4
     at org.jpmml.rexp.RBooleanVector.getValue(RBooleanVector.java:51)
     at org.jpmml.rexp.RangerConverter.encodeSchema(RangerConverter.java:100)
     at org.jpmml.rexp.ModelConverter.encodePMML(ModelConverter.java:69)
     at org.jpmml.rexp.Converter.encodePMML(Converter.java:39)
     at org.jpmml.rexp.Main.run(Main.java:149)
     at org.jpmml.rexp.Main.main(Main.java:97)
    
    Exception in thread "main" java.lang.ArrayIndexOutOfBoundsException: Index 4 out of bounds for length 4
     at org.jpmml.rexp.RBooleanVector.getValue(RBooleanVector.java:51)
     at org.jpmml.rexp.RangerConverter.encodeSchema(RangerConverter.java:100)
     at org.jpmml.rexp.ModelConverter.encodePMML(ModelConverter.java:69)
     at org.jpmml.rexp.Converter.encodePMML(Converter.java:39)
     at org.jpmml.rexp.Main.run(Main.java:149)
     at org.jpmml.rexp.Main.main(Main.java:97)
    Error in .convert(tempfile, file, converter, converter_classpath, verbose) :
     The JPMML-R conversion application has failed (error code 1). The Java executable should have printed more information about the failure into its standard output and/or standard error streams
    Calls: r2pmml -> tryCatch -> tryCatchList -> main -> .convert
    Execution halted
Flavor: r-release-linux-x86_64

Version: 0.23.0
Check: examples
Result: ERROR
    Running examples in 'r2pmml-Ex.R' failed
    The error most likely occurred in:
    
    > ### Name: decorate.ranger
    > ### Title: Decorates a "ranger" object with a "variable.levels" element.
    > ### Aliases: decorate.ranger
    >
    > ### ** Examples
    >
    > library("ranger")
    > library("r2pmml")
    >
    > data(iris)
    > iris.ranger = ranger(Species ~ ., data = iris, num.trees = 17,
    + write.forest = TRUE, probability = TRUE)
    > iris.ranger = decorate(iris.ranger, data = iris)
    > r2pmml(iris.ranger, file.path(tempdir(), "Iris-Ranger.pmml"))
    Jan 24, 2020 9:31:15 PM org.jpmml.rexp.Main run
    INFORMATION: Parsing RDS..
    Jan 24, 2020 9:31:15 PM org.jpmml.rexp.Main run
    INFORMATION: Parsed RDS in 0 ms.
    Jan 24, 2020 9:31:15 PM org.jpmml.rexp.Main run
    INFORMATION: Initializing default Converter
    Jan 24, 2020 9:31:15 PM org.jpmml.rexp.Main run
    INFORMATION: Initialized org.jpmml.rexp.RangerConverter
    Jan 24, 2020 9:31:15 PM org.jpmml.rexp.Main run
    INFORMATION: Converting..
    Jan 24, 2020 9:31:15 PM org.jpmml.rexp.Main run
    SCHWERWIEGEND: Failed to convert
    java.lang.ArrayIndexOutOfBoundsException: 4
     at org.jpmml.rexp.RBooleanVector.getValue(RBooleanVector.java:51)
     at org.jpmml.rexp.RangerConverter.encodeSchema(RangerConverter.java:100)
     at org.jpmml.rexp.ModelConverter.encodePMML(ModelConverter.java:69)
     at org.jpmml.rexp.Converter.encodePMML(Converter.java:39)
     at org.jpmml.rexp.Main.run(Main.java:149)
     at org.jpmml.rexp.Main.main(Main.java:97)
    
    Exception in thread "main" java.lang.ArrayIndexOutOfBoundsException: 4
     at org.jpmml.rexp.RBooleanVector.getValue(RBooleanVector.java:51)
     at org.jpmml.rexp.RangerConverter.encodeSchema(RangerConverter.java:100)
     at org.jpmml.rexp.ModelConverter.encodePMML(ModelConverter.java:69)
     at org.jpmml.rexp.Converter.encodePMML(Converter.java:39)
     at org.jpmml.rexp.Main.run(Main.java:149)
     at org.jpmml.rexp.Main.main(Main.java:97)
    Error in .convert(tempfile, file, converter, converter_classpath, verbose) :
     The JPMML-R conversion application has failed (error code 1). The Java executable should have printed more information about the failure into its standard output and/or standard error streams
    Calls: r2pmml -> tryCatch -> tryCatchList -> main -> .convert
    Execution halted
Flavor: r-release-windows-ix86+x86_64

Version: 0.23.0
Check: examples
Result: ERROR
    Running examples in 'r2pmml-Ex.R' failed
    The error most likely occurred in:
    
    > ### Name: decorate.ranger
    > ### Title: Decorates a "ranger" object with a "variable.levels" element.
    > ### Aliases: decorate.ranger
    >
    > ### ** Examples
    >
    > library("ranger")
    > library("r2pmml")
    >
    > data(iris)
    > iris.ranger = ranger(Species ~ ., data = iris, num.trees = 17,
    + write.forest = TRUE, probability = TRUE)
    > iris.ranger = decorate(iris.ranger, data = iris)
    > r2pmml(iris.ranger, file.path(tempdir(), "Iris-Ranger.pmml"))
    Jan 19, 2020 1:23:44 AM org.jpmml.rexp.Main run
    INFORMATION: Parsing RDS..
    Jan 19, 2020 1:23:45 AM org.jpmml.rexp.Main run
    INFORMATION: Parsed RDS in 0 ms.
    Jan 19, 2020 1:23:45 AM org.jpmml.rexp.Main run
    INFORMATION: Initializing default Converter
    Jan 19, 2020 1:23:45 AM org.jpmml.rexp.Main run
    INFORMATION: Initialized org.jpmml.rexp.RangerConverter
    Jan 19, 2020 1:23:45 AM org.jpmml.rexp.Main run
    INFORMATION: Converting..
    Jan 19, 2020 1:23:45 AM org.jpmml.rexp.Main run
    SCHWERWIEGEND: Failed to convert
    java.lang.ArrayIndexOutOfBoundsException: 4
     at org.jpmml.rexp.RBooleanVector.getValue(RBooleanVector.java:51)
     at org.jpmml.rexp.RangerConverter.encodeSchema(RangerConverter.java:100)
     at org.jpmml.rexp.ModelConverter.encodePMML(ModelConverter.java:69)
     at org.jpmml.rexp.Converter.encodePMML(Converter.java:39)
     at org.jpmml.rexp.Main.run(Main.java:149)
     at org.jpmml.rexp.Main.main(Main.java:97)
    
    Exception in thread "main" java.lang.ArrayIndexOutOfBoundsException: 4
     at org.jpmml.rexp.RBooleanVector.getValue(RBooleanVector.java:51)
     at org.jpmml.rexp.RangerConverter.encodeSchema(RangerConverter.java:100)
     at org.jpmml.rexp.ModelConverter.encodePMML(ModelConverter.java:69)
     at org.jpmml.rexp.Converter.encodePMML(Converter.java:39)
     at org.jpmml.rexp.Main.run(Main.java:149)
     at org.jpmml.rexp.Main.main(Main.java:97)
    Error in .convert(tempfile, file, converter, converter_classpath, verbose) :
     The JPMML-R conversion application has failed (error code 1). The Java executable should have printed more information about the failure into its standard output and/or standard error streams
    Calls: r2pmml -> tryCatch -> tryCatchList -> main -> .convert
    Execution halted
Flavor: r-oldrel-windows-ix86+x86_64