CRAN Package Check Results for Package quokar

Last updated on 2020-01-27 00:48:16 CET.

Flavor Version Tinstall Tcheck Ttotal Status Flags
r-devel-linux-x86_64-debian-clang 0.1.0 14.71 140.13 154.84 OK
r-devel-linux-x86_64-debian-gcc 0.1.0 13.61 104.34 117.95 OK
r-devel-linux-x86_64-fedora-clang 0.1.0 178.74 NOTE
r-devel-linux-x86_64-fedora-gcc 0.1.0 177.98 NOTE
r-devel-windows-ix86+x86_64 0.1.0 34.00 250.00 284.00 OK
r-devel-windows-ix86+x86_64-gcc8 0.1.0 44.00 184.00 228.00 OK
r-patched-linux-x86_64 0.1.0 13.65 118.10 131.75 OK
r-patched-solaris-x86 0.1.0 230.20 NOTE
r-release-linux-x86_64 0.1.0 13.05 117.54 130.59 OK
r-release-windows-ix86+x86_64 0.1.0 24.00 173.00 197.00 OK
r-release-osx-x86_64 0.1.0 NOTE
r-oldrel-windows-ix86+x86_64 0.1.0 18.00 161.00 179.00 OK
r-oldrel-osx-x86_64 0.1.0 NOTE

Check Details

Version: 0.1.0
Check: dependencies in R code
Result: NOTE
    Namespaces in Imports field not imported from:
     ‘MCMCpack’ ‘gridExtra’ ‘knitr’
     All declared Imports should be used.
Flavors: r-devel-linux-x86_64-fedora-clang, r-devel-linux-x86_64-fedora-gcc, r-patched-solaris-x86, r-release-osx-x86_64, r-oldrel-osx-x86_64