CRAN Package Check Results for Package questionr

Last updated on 2020-01-27 00:48:16 CET.

Flavor Version Tinstall Tcheck Ttotal Status Flags
r-devel-linux-x86_64-debian-clang 0.7.0 6.97 53.46 60.43 OK
r-devel-linux-x86_64-debian-gcc 0.7.0 5.56 41.60 47.16 OK
r-devel-linux-x86_64-fedora-clang 0.7.0 72.55 NOTE
r-devel-linux-x86_64-fedora-gcc 0.7.0 71.63 NOTE
r-devel-windows-ix86+x86_64 0.7.0 24.00 96.00 120.00 OK
r-devel-windows-ix86+x86_64-gcc8 0.7.0 20.00 68.00 88.00 OK
r-patched-linux-x86_64 0.7.0 5.40 48.99 54.39 OK
r-patched-solaris-x86 0.7.0 96.80 NOTE
r-release-linux-x86_64 0.7.0 6.33 48.45 54.78 OK
r-release-windows-ix86+x86_64 0.7.0 11.00 68.00 79.00 OK
r-release-osx-x86_64 0.7.0 NOTE
r-oldrel-windows-ix86+x86_64 0.7.0 9.00 58.00 67.00 OK
r-oldrel-osx-x86_64 0.7.0 NOTE

Check Details

Version: 0.7.0
Check: data for non-ASCII characters
Result: NOTE
     Note: found 4145 marked UTF-8 strings
Flavors: r-devel-linux-x86_64-fedora-clang, r-devel-linux-x86_64-fedora-gcc, r-patched-solaris-x86, r-release-osx-x86_64, r-oldrel-osx-x86_64