CRAN Package Check Results for Package quantregForest

Last updated on 2020-01-27 00:48:16 CET.

Flavor Version Tinstall Tcheck Ttotal Status Flags
r-devel-linux-x86_64-debian-clang 1.3-7 6.74 27.05 33.79 WARN
r-devel-linux-x86_64-debian-gcc 1.3-7 5.22 21.26 26.48 OK
r-devel-linux-x86_64-fedora-clang 1.3-7 42.76 WARN
r-devel-linux-x86_64-fedora-gcc 1.3-7 41.10 OK
r-devel-windows-ix86+x86_64 1.3-7 41.00 64.00 105.00 OK
r-devel-windows-ix86+x86_64-gcc8 1.3-7 23.00 50.00 73.00 OK
r-patched-linux-x86_64 1.3-7 5.25 25.29 30.54 OK
r-patched-solaris-x86 1.3-7 54.20 OK
r-release-linux-x86_64 1.3-7 5.45 25.06 30.51 OK
r-release-windows-ix86+x86_64 1.3-7 17.00 46.00 63.00 OK
r-release-osx-x86_64 1.3-7 OK
r-oldrel-windows-ix86+x86_64 1.3-7 15.00 40.00 55.00 OK
r-oldrel-osx-x86_64 1.3-7 OK

Check Details

Version: 1.3-7
Check: whether package can be installed
Result: WARN
    Found the following significant warnings:
     rf.c:454:1: warning: expression result unused [-Wunused-value]
Flavors: r-devel-linux-x86_64-debian-clang, r-devel-linux-x86_64-fedora-clang