Last updated on 2020-01-27 00:48:16 CET.
Flavor | Version | Tinstall | Tcheck | Ttotal | Status | Flags |
---|---|---|---|---|---|---|
r-devel-linux-x86_64-debian-clang | 0.3.6 | 13.55 | 134.59 | 148.14 | OK | |
r-devel-linux-x86_64-debian-gcc | 0.3.6 | 13.09 | 103.08 | 116.17 | OK | |
r-devel-linux-x86_64-fedora-clang | 0.3.6 | 175.12 | WARN | |||
r-devel-linux-x86_64-fedora-gcc | 0.3.6 | 176.23 | OK | |||
r-devel-windows-ix86+x86_64 | 0.3.6 | 59.00 | 219.00 | 278.00 | OK | |
r-devel-windows-ix86+x86_64-gcc8 | 0.3.6 | 53.00 | 152.00 | 205.00 | OK | |
r-patched-linux-x86_64 | 0.3.6 | 12.72 | 120.05 | 132.77 | OK | |
r-patched-solaris-x86 | 0.3.6 | 239.50 | OK | |||
r-release-linux-x86_64 | 0.3.6 | 14.24 | 120.18 | 134.42 | OK | |
r-release-windows-ix86+x86_64 | 0.3.6 | 29.00 | 144.00 | 173.00 | OK | |
r-release-osx-x86_64 | 0.3.6 | OK | ||||
r-oldrel-windows-ix86+x86_64 | 0.3.6 | 19.00 | 133.00 | 152.00 | OK | |
r-oldrel-osx-x86_64 | 0.3.6 | OK |
Version: 0.3.6
Check: package dependencies
Result: WARN
Requires orphaned package: ‘gplots’
Flavor: r-devel-linux-x86_64-fedora-clang