Last updated on 2020-01-27 00:48:16 CET.
Flavor | Version | Tinstall | Tcheck | Ttotal | Status | Flags |
---|---|---|---|---|---|---|
r-devel-linux-x86_64-debian-clang | 0.4.3 | 30.95 | 38.79 | 69.74 | NOTE | |
r-devel-linux-x86_64-debian-gcc | 0.4.3 | 21.54 | 30.54 | 52.08 | NOTE | |
r-devel-linux-x86_64-fedora-clang | 0.4.3 | 92.80 | NOTE | |||
r-devel-linux-x86_64-fedora-gcc | 0.4.3 | 92.73 | NOTE | |||
r-devel-windows-ix86+x86_64 | 0.4.3 | 96.00 | 100.00 | 196.00 | NOTE | |
r-devel-windows-ix86+x86_64-gcc8 | 0.4.3 | 91.00 | 74.00 | 165.00 | NOTE | |
r-patched-linux-x86_64 | 0.4.3 | 26.62 | 36.25 | 62.87 | NOTE | |
r-patched-solaris-x86 | 0.4.3 | 114.50 | WARN | |||
r-release-linux-x86_64 | 0.4.3 | 24.89 | 36.37 | 61.26 | NOTE | |
r-release-windows-ix86+x86_64 | 0.4.3 | 60.00 | 78.00 | 138.00 | NOTE | |
r-release-osx-x86_64 | 0.4.3 | WARN | ||||
r-oldrel-windows-ix86+x86_64 | 0.4.3 | 53.00 | 65.00 | 118.00 | NOTE | |
r-oldrel-osx-x86_64 | 0.4.3 | WARN |
Version: 0.4.3
Check: for GNU extensions in Makefiles
Result: NOTE
GNU make is a SystemRequirements.
Flavors: r-devel-linux-x86_64-debian-clang, r-devel-linux-x86_64-debian-gcc, r-devel-linux-x86_64-fedora-clang, r-devel-linux-x86_64-fedora-gcc, r-devel-windows-ix86+x86_64, r-devel-windows-ix86+x86_64-gcc8, r-patched-linux-x86_64, r-patched-solaris-x86, r-release-linux-x86_64, r-release-windows-ix86+x86_64, r-release-osx-x86_64, r-oldrel-windows-ix86+x86_64, r-oldrel-osx-x86_64
Version: 0.4.3
Check: re-building of vignette outputs
Result: WARN
Error(s) in re-building vignettes:
...
--- re-building ‘introduction.Rmd’ using rmarkdown
Warning in engine$weave(file, quiet = quiet, encoding = enc) :
Pandoc (>= 1.12.3) and/or pandoc-citeproc not available. Falling back to R Markdown v1.
Quitting from lines 83-117 (introduction.Rmd)
Error: processing vignette 'introduction.Rmd' failed with diagnostics:
cannot open the connection
--- failed re-building ‘introduction.Rmd’
SUMMARY: processing the following file failed:
‘introduction.Rmd’
Error: Vignette re-building failed.
Execution halted
Flavors: r-patched-solaris-x86, r-release-osx-x86_64
Version: 0.4.3
Check: re-building of vignette outputs
Result: WARN
Error in re-building vignettes:
...
Warning in engine$weave(file, quiet = quiet, encoding = enc) :
Pandoc (>= 1.12.3) and/or pandoc-citeproc not available. Falling back to R Markdown v1.
Quitting from lines 83-117 (introduction.Rmd)
Error: processing vignette 'introduction.Rmd' failed with diagnostics:
cannot open the connection
Execution halted
Flavor: r-oldrel-osx-x86_64