CRAN Package Check Results for Package quadmesh

Last updated on 2020-01-27 00:48:16 CET.

Flavor Version Tinstall Tcheck Ttotal Status Flags
r-devel-linux-x86_64-debian-clang 0.4.0 11.03 111.11 122.14 OK
r-devel-linux-x86_64-debian-gcc 0.4.0 9.73 87.03 96.76 OK
r-devel-linux-x86_64-fedora-clang 0.4.0 146.51 OK
r-devel-linux-x86_64-fedora-gcc 0.4.0 144.12 OK
r-devel-windows-ix86+x86_64 0.4.0 23.00 164.00 187.00 OK
r-devel-windows-ix86+x86_64-gcc8 0.4.0 30.00 121.00 151.00 OK
r-patched-linux-x86_64 0.4.0 10.14 99.34 109.48 OK
r-patched-solaris-x86 0.4.0 180.20 WARN
r-release-linux-x86_64 0.4.0 8.41 98.63 107.04 OK
r-release-windows-ix86+x86_64 0.4.0 18.00 118.00 136.00 OK
r-release-osx-x86_64 0.4.0 WARN
r-oldrel-windows-ix86+x86_64 0.4.0 11.00 106.00 117.00 OK
r-oldrel-osx-x86_64 0.4.0 WARN

Check Details

Version: 0.4.0
Check: installed package size
Result: NOTE
     installed size is 5.0Mb
     sub-directories of 1Mb or more:
     doc 2.9Mb
     help 1.1Mb
Flavor: r-patched-solaris-x86

Version: 0.4.0
Check: re-building of vignette outputs
Result: WARN
    Error(s) in re-building vignettes:
     ...
    --- re-building ‘quadmesh.Rmd’ using rmarkdown
    Warning in engine$weave(file, quiet = quiet, encoding = enc) :
     Pandoc (>= 1.12.3) and/or pandoc-citeproc not available. Falling back to R Markdown v1.
    Quitting from lines 20-35 (quadmesh.Rmd)
    Error: processing vignette 'quadmesh.Rmd' failed with diagnostics:
    cannot open the connection
    --- failed re-building ‘quadmesh.Rmd’
    
    --- re-building ‘topography.Rmd’ using rmarkdown
    Warning in engine$weave(file, quiet = quiet, encoding = enc) :
     Pandoc (>= 1.12.3) and/or pandoc-citeproc not available. Falling back to R Markdown v1.
    Quitting from lines 19-33 (topography.Rmd)
    Error: processing vignette 'topography.Rmd' failed with diagnostics:
    cannot open the connection
    --- failed re-building ‘topography.Rmd’
    
    SUMMARY: processing the following files failed:
     ‘quadmesh.Rmd’ ‘topography.Rmd’
    
    Error: Vignette re-building failed.
    Execution halted
Flavors: r-patched-solaris-x86, r-release-osx-x86_64

Version: 0.4.0
Check: re-building of vignette outputs
Result: WARN
    Error in re-building vignettes:
     ...
    Warning in engine$weave(file, quiet = quiet, encoding = enc) :
     Pandoc (>= 1.12.3) and/or pandoc-citeproc not available. Falling back to R Markdown v1.
    Quitting from lines 20-35 (quadmesh.Rmd)
    Error: processing vignette 'quadmesh.Rmd' failed with diagnostics:
    cannot open the connection
    Execution halted
Flavor: r-oldrel-osx-x86_64