CRAN Package Check Results for Package qtl2pleio

Last updated on 2020-01-27 00:48:16 CET.

Flavor Version Tinstall Tcheck Ttotal Status Flags
r-devel-linux-x86_64-debian-clang 1.2.3 107.61 77.11 184.72 NOTE
r-devel-linux-x86_64-debian-gcc 1.2.3 84.18 61.05 145.23 NOTE
r-devel-linux-x86_64-fedora-clang 1.2.3 246.38 NOTE
r-devel-linux-x86_64-fedora-gcc 1.2.3 246.68 NOTE
r-devel-windows-ix86+x86_64 1.2.3 195.00 200.00 395.00 NOTE
r-devel-windows-ix86+x86_64-gcc8 1.2.3 259.00 157.00 416.00 NOTE
r-patched-linux-x86_64 1.2.3 89.13 72.07 161.20 NOTE
r-patched-solaris-x86 1.2.3 189.90 NOTE
r-release-linux-x86_64 1.2.3 88.28 72.67 160.95 NOTE
r-release-windows-ix86+x86_64 1.2.3 175.00 145.00 320.00 NOTE
r-release-osx-x86_64 1.2.3 NOTE
r-oldrel-windows-ix86+x86_64 1.2.3 146.00 118.00 264.00 NOTE
r-oldrel-osx-x86_64 1.2.3 NOTE

Check Details

Version: 1.2.3
Check: package dependencies
Result: NOTE
    Package suggested but not available for checking: 'qtl2'
Flavors: r-devel-linux-x86_64-debian-clang, r-devel-linux-x86_64-debian-gcc, r-devel-linux-x86_64-fedora-clang, r-devel-linux-x86_64-fedora-gcc, r-devel-windows-ix86+x86_64, r-devel-windows-ix86+x86_64-gcc8, r-patched-linux-x86_64, r-patched-solaris-x86, r-release-linux-x86_64, r-release-windows-ix86+x86_64, r-release-osx-x86_64, r-oldrel-windows-ix86+x86_64, r-oldrel-osx-x86_64

Version: 1.2.3
Check: installed package size
Result: NOTE
     installed size is 20.8Mb
     sub-directories of 1Mb or more:
     libs 20.1Mb
Flavors: r-devel-linux-x86_64-fedora-clang, r-release-osx-x86_64, r-oldrel-osx-x86_64

Version: 1.2.3
Check: dependencies in R code
Result: NOTE
    Namespace in Imports field not imported from: ‘stringr’
     All declared Imports should be used.
Flavors: r-devel-linux-x86_64-fedora-clang, r-devel-linux-x86_64-fedora-gcc, r-patched-solaris-x86, r-release-osx-x86_64, r-oldrel-osx-x86_64