Last updated on 2020-01-27 00:48:16 CET.
Flavor | Version | Tinstall | Tcheck | Ttotal | Status | Flags |
---|---|---|---|---|---|---|
r-devel-linux-x86_64-debian-clang | 0.20.2 | 53.24 | 32.74 | 85.98 | OK | |
r-devel-linux-x86_64-debian-gcc | 0.20.2 | 43.95 | 26.22 | 70.17 | OK | |
r-devel-linux-x86_64-fedora-clang | 0.20.2 | 127.56 | NOTE | |||
r-devel-linux-x86_64-fedora-gcc | 0.20.2 | 121.89 | OK | |||
r-devel-windows-ix86+x86_64 | 0.20.2 | 227.00 | 96.00 | 323.00 | OK | |
r-devel-windows-ix86+x86_64-gcc8 | 0.20.2 | 219.00 | 77.00 | 296.00 | OK | |
r-patched-linux-x86_64 | 0.20.2 | 40.89 | 31.34 | 72.23 | OK | |
r-patched-solaris-x86 | 0.20.2 | 140.80 | OK | |||
r-release-linux-x86_64 | 0.20.2 | 42.61 | 31.28 | 73.89 | OK | |
r-release-windows-ix86+x86_64 | 0.20.2 | 172.00 | 78.00 | 250.00 | OK | |
r-release-osx-x86_64 | 0.20.2 | WARN | ||||
r-oldrel-windows-ix86+x86_64 | 0.20.2 | 168.00 | 70.00 | 238.00 | OK | |
r-oldrel-osx-x86_64 | 0.20.2 | WARN |
Version: 0.20.2
Check: installed package size
Result: NOTE
installed size is 6.8Mb
sub-directories of 1Mb or more:
libs 6.1Mb
Flavors: r-devel-linux-x86_64-fedora-clang, r-release-osx-x86_64, r-oldrel-osx-x86_64
Version: 0.20.2
Check: for executable files
Result: WARN
Found the following executable file:
src/LICENSES/LZ4_LICENSE.txt
Source packages should not contain undeclared executable files.
See section ‘Package structure’ in the ‘Writing R Extensions’ manual.
Flavors: r-release-osx-x86_64, r-oldrel-osx-x86_64