CRAN Package Check Results for Package qrmtools

Last updated on 2020-01-27 00:48:16 CET.

Flavor Version Tinstall Tcheck Ttotal Status Flags
r-devel-linux-x86_64-debian-clang 0.0-12 11.85 197.21 209.06 OK
r-devel-linux-x86_64-debian-gcc 0.0-12 11.32 127.09 138.41 WARN
r-devel-linux-x86_64-fedora-clang 0.0-12 248.23 OK
r-devel-linux-x86_64-fedora-gcc 0.0-12 248.06 OK
r-devel-windows-ix86+x86_64 0.0-12 39.00 350.00 389.00 OK
r-devel-windows-ix86+x86_64-gcc8 0.0-12 38.00 355.00 393.00 OK
r-patched-linux-x86_64 0.0-12 10.38 181.91 192.29 OK
r-patched-solaris-x86 0.0-12 350.20 OK
r-release-linux-x86_64 0.0-12 10.59 179.44 190.03 OK
r-release-windows-ix86+x86_64 0.0-12 22.00 265.00 287.00 OK
r-release-osx-x86_64 0.0-12 OK
r-oldrel-windows-ix86+x86_64 0.0-12 17.00 240.00 257.00 OK
r-oldrel-osx-x86_64 0.0-12 OK

Check Details

Version: 0.0-12
Check: package dependencies
Result: NOTE
    Package suggested but not available for checking: ‘sfsmisc’
Flavor: r-devel-linux-x86_64-debian-gcc

Version: 0.0-12
Check: re-building of vignette outputs
Result: WARN
    Error(s) in re-building vignettes:
     ...
    --- re-building ‘ARMA_GARCH_VaR.Rmd’ using rmarkdown
    Loading required package: parallel
    
    Attaching package: 'rugarch'
    
    The following object is masked from 'package:stats':
    
     sigma
    
    --- finished re-building ‘ARMA_GARCH_VaR.Rmd’
    
    --- re-building ‘VaR_bounds.Rmd’ using rmarkdown
    
    Attaching package: 'combinat'
    
    The following object is masked from 'package:utils':
    
     combn
    
    Quitting from lines 18-23 (VaR_bounds.Rmd)
    Error: processing vignette 'VaR_bounds.Rmd' failed with diagnostics:
    there is no package called 'sfsmisc'
    --- failed re-building ‘VaR_bounds.Rmd’
    
    --- re-building ‘geometric_risk_measures.Rmd’ using rmarkdown
    Loading required package: stats4
    
    Attaching package: 'sn'
    
    The following object is masked from 'package:stats':
    
     sd
    
    --- finished re-building ‘geometric_risk_measures.Rmd’
    
    SUMMARY: processing the following file failed:
     ‘VaR_bounds.Rmd’
    
    Error: Vignette re-building failed.
    Execution halted
Flavor: r-devel-linux-x86_64-debian-gcc