CRAN Package Check Results for Package purrrogress

Last updated on 2020-01-27 00:48:16 CET.

Flavor Version Tinstall Tcheck Ttotal Status Flags
r-devel-linux-x86_64-debian-clang 0.1.1 7.47 30.65 38.12 OK
r-devel-linux-x86_64-debian-gcc 0.1.1 6.11 24.27 30.38 OK
r-devel-linux-x86_64-fedora-clang 0.1.1 45.90 NOTE
r-devel-linux-x86_64-fedora-gcc 0.1.1 45.10 NOTE
r-devel-windows-ix86+x86_64 0.1.1 25.00 69.00 94.00 OK
r-devel-windows-ix86+x86_64-gcc8 0.1.1 19.00 55.00 74.00 OK
r-patched-linux-x86_64 0.1.1 6.44 29.03 35.47 OK
r-patched-solaris-x86 0.1.1 60.40 NOTE
r-release-linux-x86_64 0.1.1 4.79 27.78 32.57 OK
r-release-windows-ix86+x86_64 0.1.1 10.00 43.00 53.00 OK
r-release-osx-x86_64 0.1.1 NOTE
r-oldrel-windows-ix86+x86_64 0.1.1 7.00 46.00 53.00 OK
r-oldrel-osx-x86_64 0.1.1 NOTE

Check Details

Version: 0.1.1
Check: dependencies in R code
Result: NOTE
    Namespaces in Imports field not imported from:
     ‘R6’ ‘hms’
     All declared Imports should be used.
Flavors: r-devel-linux-x86_64-fedora-clang, r-devel-linux-x86_64-fedora-gcc, r-patched-solaris-x86, r-release-osx-x86_64, r-oldrel-osx-x86_64